{"id":19,"date":"2015-09-12T11:48:26","date_gmt":"2015-09-12T11:48:26","guid":{"rendered":"http:\/\/anr2-1.nanopikz.com\/?page_id=19"},"modified":"2023-03-30T18:22:00","modified_gmt":"2023-03-30T17:22:00","slug":"bibliotheque","status":"publish","type":"page","link":"https:\/\/academie-nationale-reims.fr\/index.php\/bibliotheque\/","title":{"rendered":"Biblioth\u00e8que"},"content":{"rendered":"\n<div class=\"card card-biblioteque\">\n<a href=\"https:\/\/academie-nationale-reims.fr\/index.php\/bibliotheque\/\" aria-current=\"page\">\n<div class=\"card-title\">Biblioth\u00e8que<\/div>\n<div class=\"card-img\"><img decoding=\"async\" class=\"wp-image-2250\" src=\"http:\/\/academie-nationale-reims.fr\/wp-content\/uploads\/2023\/03\/cadre-etiquette-biblio.png\" alt=\"\"><\/div><\/a>\n<\/div>\n\n\n<figure id=\"attachment_733\" aria-describedby=\"caption-attachment-733\" style=\"width: 588px\" class=\"wp-caption aligncenter\"><a href=\"http:\/\/academie-nationale-reims.fr\/wp-content\/uploads\/2015\/09\/BiblioSReunionW.jpg\" rel=\"attachment wp-att-733\"><img decoding=\"async\" loading=\"lazy\" class=\"size-full wp-image-733\" src=\"http:\/\/academie-nationale-reims.fr\/wp-content\/uploads\/2015\/09\/BiblioSReunionW.jpg\" alt=\"Biblioth\u00e8que dans la salle de r\u00e9union de l'Acad\u00e9mie\" width=\"588\" height=\"413\" srcset=\"https:\/\/academie-nationale-reims.fr\/wp-content\/uploads\/2015\/09\/BiblioSReunionW.jpg 588w, https:\/\/academie-nationale-reims.fr\/wp-content\/uploads\/2015\/09\/BiblioSReunionW-300x211.jpg 300w\" sizes=\"(max-width: 588px) 100vw, 588px\" \/><\/a><figcaption id=\"caption-attachment-733\" class=\"wp-caption-text\"><span style=\"font-size: 12pt;\"><em>Biblioth\u00e8que dans la salle de r\u00e9union de l&rsquo;Acad\u00e9mie<\/em><\/span><\/figcaption><\/figure>\n<p style=\"text-align: justify;\">La\u00a0biblioth\u00e8que de l&rsquo;Acad\u00e9mie est riche de plusieurs milliers d&rsquo;ouvrages et publications diverses. Elle\u00a0s&rsquo;est constitu\u00e9e par des\u00a0dons, des acquisitions et des \u00e9changes entre soci\u00e9t\u00e9s savantes.\u00a0Ce fonds &#8211; notamment local et r\u00e9gional &#8211; \u00a0est extr\u00eamement pr\u00e9cieux. Son inventaire informatique est en cours de r\u00e9alisation. Pour plus de renseignements,\u00a0<a href=\"http:\/\/academie-nationale-reims.fr\/index.php\/contact\/\">contactez<\/a>-nous.<\/p>\n<p>\u00a0<\/p>\n<p style=\"text-align: justify;\"><a href=\"http:\/\/academie-nationale-reims.fr\/wp-content\/uploads\/2015\/09\/LIVRES-OFFERTS-ANR-1.pdf\">Livres offerts \u00e0 l&rsquo;Acad\u00e9mie nationale de Reims, publi\u00e9s dans les <em>Annales<\/em> I \u00e0 XXIII par Pierre Germain (1985-1999) et Dominique N\u00e9ouze (2000-2011), avec un index \u00e0 la fin<\/a>.<\/p>\n<p><a href=\"http:\/\/academie-nationale-reims.fr\/index.php\/2015\/11\/22\/acquisitions-2012\/\">Acquisitions de l&rsquo;Acad\u00e9mie nationale de Reims en 2011\/2012<\/a><\/p>\n<p><a href=\"http:\/\/academie-nationale-reims.fr\/wp-content\/uploads\/2015\/09\/Academies-soeurs-Mai-Juin-2014-1.pdf\">Livres offerts en \u00e9change \u00e0 l&rsquo;Acad\u00e9mie nationale de Reims par les soci\u00e9t\u00e9s Acad\u00e9miques et pr\u00e9sent\u00e9s lors de la conf\u00e9rence en juin 2014<\/a><\/p>\n<p><a href=\"http:\/\/academie-nationale-reims.fr\/wp-content\/uploads\/2015\/09\/Academies-soeurs-avril2014-1.pdf\">Livres offerts en \u00e9change \u00e0 l&rsquo;Acad\u00e9mie nationale de Reims par les soci\u00e9t\u00e9s Acad\u00e9miques et pr\u00e9sent\u00e9s lors de la conf\u00e9rence en avril 2014<\/a><\/p>\n<p><a href=\"http:\/\/academie-nationale-reims.fr\/wp-content\/uploads\/2015\/09\/Academies-soeurs-fev2014-1.pdf\">Livres offerts en \u00e9change \u00e0 l&rsquo;Acad\u00e9mie nationale de Reims par les soci\u00e9t\u00e9s Acad\u00e9miques et pr\u00e9sent\u00e9s lors de la conf\u00e9rence en f\u00e9vrier 2014<\/a><\/p>\n<p><a href=\"http:\/\/academie-nationale-reims.fr\/wp-content\/uploads\/2015\/09\/Academies-soeurs-nov2013-1.pdf\">Livres offerts en \u00e9change \u00e0 l&rsquo;Acad\u00e9mie nationale de Reims par les soci\u00e9t\u00e9s Acad\u00e9miques et pr\u00e9sent\u00e9s lors de la conf\u00e9rence en novembre 2013<\/a><\/p>\n<p><a href=\"http:\/\/academie-nationale-reims.fr\/wp-content\/uploads\/2015\/09\/Academies-soeurs-sep-2013-1.pdf\">Livres offerts en \u00e9change \u00e0 l&rsquo;Acad\u00e9mie nationale de Reims par les soci\u00e9t\u00e9s Acad\u00e9miques et pr\u00e9sent\u00e9s lors de la conf\u00e9rence en septembre 2013<\/a><\/p>","protected":false},"excerpt":{"rendered":"<p>Biblioth\u00e8que La\u00a0biblioth\u00e8que de l&rsquo;Acad\u00e9mie est riche de plusieurs milliers d&rsquo;ouvrages et publications diverses. Elle\u00a0s&rsquo;est constitu\u00e9e par des\u00a0dons, des acquisitions et des \u00e9changes entre soci\u00e9t\u00e9s savantes.\u00a0Ce fonds &#8211; notamment local et r\u00e9gional &#8211; \u00a0est extr\u00eamement pr\u00e9cieux. Son inventaire informatique est en cours de r\u00e9alisation. Pour plus de renseignements,\u00a0contactez-nous. \u00a0 Livres offerts \u00e0 l&rsquo;Acad\u00e9mie nationale de Reims, [&hellip;]<\/p>\n","protected":false},"author":1,"featured_media":0,"parent":0,"menu_order":5,"comment_status":"closed","ping_status":"closed","template":"","meta":{"_mi_skip_tracking":false},"yoast_head":"<!-- This site is optimized with the Yoast SEO plugin v20.4 - https:\/\/yoast.com\/wordpress\/plugins\/seo\/ -->\n<title>Biblioth\u00e8que - Acad\u00e9mie nationale de Reims<\/title>\n<meta name=\"robots\" content=\"index, follow, max-snippet:-1, max-image-preview:large, max-video-preview:-1\" \/>\n<link rel=\"canonical\" href=\"http:\/\/academie-nationale-reims.fr\/index.php\/bibliotheque\/\" \/>\n<meta property=\"og:locale\" content=\"fr_FR\" \/>\n<meta property=\"og:type\" content=\"article\" \/>\n<meta property=\"og:title\" content=\"Biblioth\u00e8que - Acad\u00e9mie nationale de Reims\" \/>\n<meta property=\"og:description\" content=\"Biblioth\u00e8que La\u00a0biblioth\u00e8que de l&rsquo;Acad\u00e9mie est riche de plusieurs milliers d&rsquo;ouvrages et publications diverses. Elle\u00a0s&rsquo;est constitu\u00e9e par des\u00a0dons, des acquisitions et des \u00e9changes entre soci\u00e9t\u00e9s savantes.\u00a0Ce fonds &#8211; notamment local et r\u00e9gional &#8211; \u00a0est extr\u00eamement pr\u00e9cieux. Son inventaire informatique est en cours de r\u00e9alisation. Pour plus de renseignements,\u00a0contactez-nous. \u00a0 Livres offerts \u00e0 l&rsquo;Acad\u00e9mie nationale de Reims, [&hellip;]\" \/>\n<meta property=\"og:url\" content=\"http:\/\/academie-nationale-reims.fr\/index.php\/bibliotheque\/\" \/>\n<meta property=\"og:site_name\" content=\"Acad\u00e9mie nationale de Reims\" \/>\n<meta property=\"article:modified_time\" content=\"2023-03-30T17:22:00+00:00\" \/>\n<meta property=\"og:image\" content=\"http:\/\/academie-nationale-reims.fr\/wp-content\/uploads\/2023\/03\/cadre-etiquette-biblio.png\" \/>\n<meta name=\"twitter:card\" content=\"summary_large_image\" \/>\n<meta name=\"twitter:label1\" content=\"Dur\u00e9e de lecture estim\u00e9e\" \/>\n\t<meta name=\"twitter:data1\" content=\"2 minutes\" \/>\n<script type=\"application\/ld+json\" class=\"yoast-schema-graph\">{\"@context\":\"https:\/\/schema.org\",\"@graph\":[{\"@type\":\"WebPage\",\"@id\":\"http:\/\/academie-nationale-reims.fr\/index.php\/bibliotheque\/\",\"url\":\"http:\/\/academie-nationale-reims.fr\/index.php\/bibliotheque\/\",\"name\":\"Biblioth\u00e8que - Acad\u00e9mie nationale de Reims\",\"isPartOf\":{\"@id\":\"https:\/\/academie-nationale-reims.fr\/#website\"},\"datePublished\":\"2015-09-12T11:48:26+00:00\",\"dateModified\":\"2023-03-30T17:22:00+00:00\",\"breadcrumb\":{\"@id\":\"http:\/\/academie-nationale-reims.fr\/index.php\/bibliotheque\/#breadcrumb\"},\"inLanguage\":\"fr-FR\",\"potentialAction\":[{\"@type\":\"ReadAction\",\"target\":[\"http:\/\/academie-nationale-reims.fr\/index.php\/bibliotheque\/\"]}]},{\"@type\":\"BreadcrumbList\",\"@id\":\"http:\/\/academie-nationale-reims.fr\/index.php\/bibliotheque\/#breadcrumb\",\"itemListElement\":[{\"@type\":\"ListItem\",\"position\":1,\"name\":\"Accueil\",\"item\":\"https:\/\/academie-nationale-reims.fr\/\"},{\"@type\":\"ListItem\",\"position\":2,\"name\":\"Biblioth\u00e8que\"}]},{\"@type\":\"WebSite\",\"@id\":\"https:\/\/academie-nationale-reims.fr\/#website\",\"url\":\"https:\/\/academie-nationale-reims.fr\/\",\"name\":\"Acad\u00e9mie nationale de Reims\",\"description\":\"Ce site est en cours d\u2019am\u00e9nagements\",\"publisher\":{\"@id\":\"https:\/\/academie-nationale-reims.fr\/#organization\"},\"potentialAction\":[{\"@type\":\"SearchAction\",\"target\":{\"@type\":\"EntryPoint\",\"urlTemplate\":\"https:\/\/academie-nationale-reims.fr\/?s={search_term_string}\"},\"query-input\":\"required name=search_term_string\"}],\"inLanguage\":\"fr-FR\"},{\"@type\":\"Organization\",\"@id\":\"https:\/\/academie-nationale-reims.fr\/#organization\",\"name\":\"Acad\u00e9mie nationale de Reims\",\"url\":\"https:\/\/academie-nationale-reims.fr\/\",\"logo\":{\"@type\":\"ImageObject\",\"inLanguage\":\"fr-FR\",\"@id\":\"https:\/\/academie-nationale-reims.fr\/#\/schema\/logo\/image\/\",\"url\":\"https:\/\/academie-nationale-reims.fr\/wp-content\/uploads\/2023\/03\/logo.png\",\"contentUrl\":\"https:\/\/academie-nationale-reims.fr\/wp-content\/uploads\/2023\/03\/logo.png\",\"width\":2038,\"height\":426,\"caption\":\"Acad\u00e9mie nationale de Reims\"},\"image\":{\"@id\":\"https:\/\/academie-nationale-reims.fr\/#\/schema\/logo\/image\/\"}}]}<\/script>\n<!-- \/ Yoast SEO plugin. -->","yoast_head_json":{"title":"Biblioth\u00e8que - Acad\u00e9mie nationale de Reims","robots":{"index":"index","follow":"follow","max-snippet":"max-snippet:-1","max-image-preview":"max-image-preview:large","max-video-preview":"max-video-preview:-1"},"canonical":"http:\/\/academie-nationale-reims.fr\/index.php\/bibliotheque\/","og_locale":"fr_FR","og_type":"article","og_title":"Biblioth\u00e8que - Acad\u00e9mie nationale de Reims","og_description":"Biblioth\u00e8que La\u00a0biblioth\u00e8que de l&rsquo;Acad\u00e9mie est riche de plusieurs milliers d&rsquo;ouvrages et publications diverses. Elle\u00a0s&rsquo;est constitu\u00e9e par des\u00a0dons, des acquisitions et des \u00e9changes entre soci\u00e9t\u00e9s savantes.\u00a0Ce fonds &#8211; notamment local et r\u00e9gional &#8211; \u00a0est extr\u00eamement pr\u00e9cieux. Son inventaire informatique est en cours de r\u00e9alisation. Pour plus de renseignements,\u00a0contactez-nous. \u00a0 Livres offerts \u00e0 l&rsquo;Acad\u00e9mie nationale de Reims, [&hellip;]","og_url":"http:\/\/academie-nationale-reims.fr\/index.php\/bibliotheque\/","og_site_name":"Acad\u00e9mie nationale de Reims","article_modified_time":"2023-03-30T17:22:00+00:00","og_image":[{"url":"http:\/\/academie-nationale-reims.fr\/wp-content\/uploads\/2023\/03\/cadre-etiquette-biblio.png"}],"twitter_card":"summary_large_image","twitter_misc":{"Dur\u00e9e de lecture estim\u00e9e":"2 minutes"},"schema":{"@context":"https:\/\/schema.org","@graph":[{"@type":"WebPage","@id":"http:\/\/academie-nationale-reims.fr\/index.php\/bibliotheque\/","url":"http:\/\/academie-nationale-reims.fr\/index.php\/bibliotheque\/","name":"Biblioth\u00e8que - Acad\u00e9mie nationale de Reims","isPartOf":{"@id":"https:\/\/academie-nationale-reims.fr\/#website"},"datePublished":"2015-09-12T11:48:26+00:00","dateModified":"2023-03-30T17:22:00+00:00","breadcrumb":{"@id":"http:\/\/academie-nationale-reims.fr\/index.php\/bibliotheque\/#breadcrumb"},"inLanguage":"fr-FR","potentialAction":[{"@type":"ReadAction","target":["http:\/\/academie-nationale-reims.fr\/index.php\/bibliotheque\/"]}]},{"@type":"BreadcrumbList","@id":"http:\/\/academie-nationale-reims.fr\/index.php\/bibliotheque\/#breadcrumb","itemListElement":[{"@type":"ListItem","position":1,"name":"Accueil","item":"https:\/\/academie-nationale-reims.fr\/"},{"@type":"ListItem","position":2,"name":"Biblioth\u00e8que"}]},{"@type":"WebSite","@id":"https:\/\/academie-nationale-reims.fr\/#website","url":"https:\/\/academie-nationale-reims.fr\/","name":"Acad\u00e9mie nationale de Reims","description":"Ce site est en cours d\u2019am\u00e9nagements","publisher":{"@id":"https:\/\/academie-nationale-reims.fr\/#organization"},"potentialAction":[{"@type":"SearchAction","target":{"@type":"EntryPoint","urlTemplate":"https:\/\/academie-nationale-reims.fr\/?s={search_term_string}"},"query-input":"required name=search_term_string"}],"inLanguage":"fr-FR"},{"@type":"Organization","@id":"https:\/\/academie-nationale-reims.fr\/#organization","name":"Acad\u00e9mie nationale de Reims","url":"https:\/\/academie-nationale-reims.fr\/","logo":{"@type":"ImageObject","inLanguage":"fr-FR","@id":"https:\/\/academie-nationale-reims.fr\/#\/schema\/logo\/image\/","url":"https:\/\/academie-nationale-reims.fr\/wp-content\/uploads\/2023\/03\/logo.png","contentUrl":"https:\/\/academie-nationale-reims.fr\/wp-content\/uploads\/2023\/03\/logo.png","width":2038,"height":426,"caption":"Acad\u00e9mie nationale de Reims"},"image":{"@id":"https:\/\/academie-nationale-reims.fr\/#\/schema\/logo\/image\/"}}]}},"_links":{"self":[{"href":"https:\/\/academie-nationale-reims.fr\/index.php\/wp-json\/wp\/v2\/pages\/19"}],"collection":[{"href":"https:\/\/academie-nationale-reims.fr\/index.php\/wp-json\/wp\/v2\/pages"}],"about":[{"href":"https:\/\/academie-nationale-reims.fr\/index.php\/wp-json\/wp\/v2\/types\/page"}],"author":[{"embeddable":true,"href":"https:\/\/academie-nationale-reims.fr\/index.php\/wp-json\/wp\/v2\/users\/1"}],"replies":[{"embeddable":true,"href":"https:\/\/academie-nationale-reims.fr\/index.php\/wp-json\/wp\/v2\/comments?post=19"}],"version-history":[{"count":11,"href":"https:\/\/academie-nationale-reims.fr\/index.php\/wp-json\/wp\/v2\/pages\/19\/revisions"}],"predecessor-version":[{"id":2365,"href":"https:\/\/academie-nationale-reims.fr\/index.php\/wp-json\/wp\/v2\/pages\/19\/revisions\/2365"}],"wp:attachment":[{"href":"https:\/\/academie-nationale-reims.fr\/index.php\/wp-json\/wp\/v2\/media?parent=19"}],"curies":[{"name":"wp","href":"https:\/\/api.w.org\/{rel}","templated":true}]}}