{"id":30,"date":"2015-09-12T11:51:19","date_gmt":"2015-09-12T11:51:19","guid":{"rendered":"http:\/\/anr2-1.nanopikz.com\/?page_id=30"},"modified":"2023-03-22T16:18:05","modified_gmt":"2023-03-22T15:18:05","slug":"statuts","status":"publish","type":"page","link":"https:\/\/academie-nationale-reims.fr\/index.php\/presentation\/organisation\/statuts\/","title":{"rendered":"Statuts"},"content":{"rendered":"<p>Extraits des Statuts en vigueur :<\/p>\n<p style=\"text-align: center;\">ARTICLE PREMIER<\/p>\n<p style=\"text-align: justify;\">L\u2019Acad\u00e9mie de Reims, fond\u00e9e en 1841, autoris\u00e9e le 6 d\u00e9cembre 1841, reconnue comme \u00e9tablissement d\u2019utilit\u00e9 publique le 15 d\u00e9cembre 1846, a pour but de contribuer au d\u00e9veloppement des sciences, des arts et des belles lettres, de recueillir et publier les mat\u00e9riaux qui peuvent servir \u00e0 l\u2019histoire du pays, et d\u2019encourager les travaux utiles et les actions m\u00e9ritantes par des r\u00e9compenses diverses.<\/p>\n<p style=\"text-align: center;\">ARTICLE 2<\/p>\n<p style=\"text-align: justify;\">L\u2019Acad\u00e9mie se compose de quarante membres titulaires et de 3 membres de droit. Elle comprend \u00e9galement des membres d\u2019honneur, des membres honoraires, des membres associ\u00e9s, des membres correspondants et des membres bienfaiteurs, en nombre ind\u00e9termin\u00e9.<\/p>\n<p style=\"text-align: justify;\">&#8211; Alin\u00e9a 1\u00a0: Les membres titulaires\u00a0sont \u00e9lus par leurs pairs selon les modalit\u00e9s pr\u00e9vues \u00e0 l\u2019article 12.<\/p>\n<p style=\"text-align: justify;\">&#8211; Alin\u00e9a 2\u00a0: Les membres de droit\u00a0 sont \u00e9num\u00e9r\u00e9s \u00e0 l\u2019article 3.<\/p>\n<p style=\"text-align: justify;\">&#8211; Alin\u00e9a 3\u00a0: Les membres d\u2019honneur sont choisis par les membres titulaires en reconnaissance de leurs m\u00e9rites ou de services \u00e9minents rendus \u00e0 la Compagnie.<\/p>\n<p style=\"text-align: justify;\">&#8211; Alin\u00e9a 4\u00a0: Les membres honoraires\u00a0: l\u2019honorariat peut \u00eatre conf\u00e9r\u00e9 \u00e0 d\u2019anciens membres titulaires par d\u00e9cision de l\u2019Assembl\u00e9e.<\/p>\n<p style=\"text-align: justify;\">&#8211; Alin\u00e9a 5\u00a0: Les membres associ\u00e9s sont \u00e9lus sur candidature par l\u2019assembl\u00e9e des membres titulaires. Cette qualit\u00e9 leur conf\u00e8re le droit, moyennant une cotisation annuelle, de participer aux s\u00e9ances et de recevoir les publications.<\/p>\n<p style=\"text-align: justify;\">&#8211; Alin\u00e9a 6\u00a0: Les membres correspondants sont des membres non r\u00e9sidents, \u00e9lus par l\u2019Assembl\u00e9e des membres titulaires. Cette qualit\u00e9 ne leur conf\u00e8re ni pr\u00e9rogative ni obligations.<\/p>\n<p style=\"text-align: justify;\">&#8211; Alin\u00e9a 7\u00a0: Les membres bienfaiteurs sont reconnus comme tels par l\u2019Assembl\u00e9e des membres titulaires en t\u00e9moignage de gratitude pour une contribution exceptionnelle au profit de l\u2019Acad\u00e9mie.<\/p>\n<p style=\"text-align: center;\">ARTICLE 3<\/p>\n<p style=\"text-align: justify;\">L\u2019Archev\u00eaque\u00a0 de Reims fait partie de droit de l\u2019Acad\u00e9mie, en souvenir de son fondateur le Cardinal GOUSSET. Sont \u00e9galement membres de droit le repr\u00e9sentant\u00a0 de l\u2019Etat,\u00a0 le Maire de la Ville. Ils peuvent prendre part aux discussions.<\/p>\n<hr \/>\n<p><a href=\"http:\/\/academie-nationale-reims.fr\/wp-content\/uploads\/2015\/09\/MedArmReimsW-1.png\"><img decoding=\"async\" loading=\"lazy\" class=\"size-full wp-image-214 aligncenter\" src=\"http:\/\/academie-nationale-reims.fr\/wp-content\/uploads\/2015\/09\/MedArmReimsW-1.png\" alt=\"MedArmReimsW\" width=\"295\" height=\"294\" srcset=\"https:\/\/academie-nationale-reims.fr\/wp-content\/uploads\/2015\/09\/MedArmReimsW-1.png 295w, https:\/\/academie-nationale-reims.fr\/wp-content\/uploads\/2015\/09\/MedArmReimsW-1-150x150.png 150w\" sizes=\"(max-width: 295px) 100vw, 295px\" \/><\/a><\/p>\n<p style=\"text-align: center;\"><em>M\u00e9daille grav\u00e9e en 1869 par Aim\u00e9 Allart \u00e0 Reims \u00e0 l&rsquo;occasion d&rsquo;un<\/em><br \/>\nc<em>oncours international de musique \u00e0 Reims.<\/em><br \/>\n<em>M\u00e9tal dor\u00e9, diam\u00e8tre 37 mm., \u00e9paisseur 3 mm., poids 17 g<\/em><\/p>\n","protected":false},"excerpt":{"rendered":"<p>Extraits des Statuts en vigueur : ARTICLE PREMIER L\u2019Acad\u00e9mie de Reims, fond\u00e9e en 1841, autoris\u00e9e le 6 d\u00e9cembre 1841, reconnue comme \u00e9tablissement d\u2019utilit\u00e9 publique le 15 d\u00e9cembre 1846, a pour but de contribuer au d\u00e9veloppement des sciences, des arts et des belles lettres, de recueillir et publier les mat\u00e9riaux qui peuvent servir \u00e0 l\u2019histoire du [&hellip;]<\/p>\n","protected":false},"author":1,"featured_media":0,"parent":25,"menu_order":2,"comment_status":"closed","ping_status":"closed","template":"","meta":{"_mi_skip_tracking":false},"yoast_head":"<!-- This site is optimized with the Yoast SEO plugin v20.4 - https:\/\/yoast.com\/wordpress\/plugins\/seo\/ -->\n<title>Statuts - Acad\u00e9mie nationale de Reims<\/title>\n<meta name=\"robots\" content=\"index, follow, max-snippet:-1, max-image-preview:large, max-video-preview:-1\" \/>\n<link rel=\"canonical\" href=\"http:\/\/academie-nationale-reims.fr\/index.php\/presentation\/organisation\/statuts\/\" \/>\n<meta property=\"og:locale\" content=\"fr_FR\" \/>\n<meta property=\"og:type\" content=\"article\" \/>\n<meta property=\"og:title\" content=\"Statuts - Acad\u00e9mie nationale de Reims\" \/>\n<meta property=\"og:description\" content=\"Extraits des Statuts en vigueur : ARTICLE PREMIER L\u2019Acad\u00e9mie de Reims, fond\u00e9e en 1841, autoris\u00e9e le 6 d\u00e9cembre 1841, reconnue comme \u00e9tablissement d\u2019utilit\u00e9 publique le 15 d\u00e9cembre 1846, a pour but de contribuer au d\u00e9veloppement des sciences, des arts et des belles lettres, de recueillir et publier les mat\u00e9riaux qui peuvent servir \u00e0 l\u2019histoire du [&hellip;]\" \/>\n<meta property=\"og:url\" content=\"http:\/\/academie-nationale-reims.fr\/index.php\/presentation\/organisation\/statuts\/\" \/>\n<meta property=\"og:site_name\" content=\"Acad\u00e9mie nationale de Reims\" \/>\n<meta property=\"article:modified_time\" content=\"2023-03-22T15:18:05+00:00\" \/>\n<meta property=\"og:image\" content=\"http:\/\/academie-nationale-reims.fr\/wp-content\/uploads\/2015\/09\/MedArmReimsW-1.png\" \/>\n<meta name=\"twitter:card\" content=\"summary_large_image\" \/>\n<meta name=\"twitter:label1\" content=\"Dur\u00e9e de lecture estim\u00e9e\" \/>\n\t<meta name=\"twitter:data1\" content=\"2 minutes\" \/>\n<script type=\"application\/ld+json\" class=\"yoast-schema-graph\">{\"@context\":\"https:\/\/schema.org\",\"@graph\":[{\"@type\":\"WebPage\",\"@id\":\"http:\/\/academie-nationale-reims.fr\/index.php\/presentation\/organisation\/statuts\/\",\"url\":\"http:\/\/academie-nationale-reims.fr\/index.php\/presentation\/organisation\/statuts\/\",\"name\":\"Statuts - Acad\u00e9mie nationale de Reims\",\"isPartOf\":{\"@id\":\"https:\/\/academie-nationale-reims.fr\/#website\"},\"datePublished\":\"2015-09-12T11:51:19+00:00\",\"dateModified\":\"2023-03-22T15:18:05+00:00\",\"breadcrumb\":{\"@id\":\"http:\/\/academie-nationale-reims.fr\/index.php\/presentation\/organisation\/statuts\/#breadcrumb\"},\"inLanguage\":\"fr-FR\",\"potentialAction\":[{\"@type\":\"ReadAction\",\"target\":[\"http:\/\/academie-nationale-reims.fr\/index.php\/presentation\/organisation\/statuts\/\"]}]},{\"@type\":\"BreadcrumbList\",\"@id\":\"http:\/\/academie-nationale-reims.fr\/index.php\/presentation\/organisation\/statuts\/#breadcrumb\",\"itemListElement\":[{\"@type\":\"ListItem\",\"position\":1,\"name\":\"Accueil\",\"item\":\"https:\/\/academie-nationale-reims.fr\/\"},{\"@type\":\"ListItem\",\"position\":2,\"name\":\"L&rsquo;Acad\u00e9mie\",\"item\":\"http:\/\/academie-nationale-reims.fr\/index.php\/presentation\/\"},{\"@type\":\"ListItem\",\"position\":3,\"name\":\"Organisation\",\"item\":\"http:\/\/academie-nationale-reims.fr\/index.php\/presentation\/organisation\/\"},{\"@type\":\"ListItem\",\"position\":4,\"name\":\"Statuts\"}]},{\"@type\":\"WebSite\",\"@id\":\"https:\/\/academie-nationale-reims.fr\/#website\",\"url\":\"https:\/\/academie-nationale-reims.fr\/\",\"name\":\"Acad\u00e9mie nationale de Reims\",\"description\":\"Ce site est en cours d\u2019am\u00e9nagements\",\"publisher\":{\"@id\":\"https:\/\/academie-nationale-reims.fr\/#organization\"},\"potentialAction\":[{\"@type\":\"SearchAction\",\"target\":{\"@type\":\"EntryPoint\",\"urlTemplate\":\"https:\/\/academie-nationale-reims.fr\/?s={search_term_string}\"},\"query-input\":\"required name=search_term_string\"}],\"inLanguage\":\"fr-FR\"},{\"@type\":\"Organization\",\"@id\":\"https:\/\/academie-nationale-reims.fr\/#organization\",\"name\":\"Acad\u00e9mie nationale de Reims\",\"url\":\"https:\/\/academie-nationale-reims.fr\/\",\"logo\":{\"@type\":\"ImageObject\",\"inLanguage\":\"fr-FR\",\"@id\":\"https:\/\/academie-nationale-reims.fr\/#\/schema\/logo\/image\/\",\"url\":\"https:\/\/academie-nationale-reims.fr\/wp-content\/uploads\/2023\/03\/logo.png\",\"contentUrl\":\"https:\/\/academie-nationale-reims.fr\/wp-content\/uploads\/2023\/03\/logo.png\",\"width\":2038,\"height\":426,\"caption\":\"Acad\u00e9mie nationale de Reims\"},\"image\":{\"@id\":\"https:\/\/academie-nationale-reims.fr\/#\/schema\/logo\/image\/\"}}]}<\/script>\n<!-- \/ Yoast SEO plugin. -->","yoast_head_json":{"title":"Statuts - Acad\u00e9mie nationale de Reims","robots":{"index":"index","follow":"follow","max-snippet":"max-snippet:-1","max-image-preview":"max-image-preview:large","max-video-preview":"max-video-preview:-1"},"canonical":"http:\/\/academie-nationale-reims.fr\/index.php\/presentation\/organisation\/statuts\/","og_locale":"fr_FR","og_type":"article","og_title":"Statuts - Acad\u00e9mie nationale de Reims","og_description":"Extraits des Statuts en vigueur : ARTICLE PREMIER L\u2019Acad\u00e9mie de Reims, fond\u00e9e en 1841, autoris\u00e9e le 6 d\u00e9cembre 1841, reconnue comme \u00e9tablissement d\u2019utilit\u00e9 publique le 15 d\u00e9cembre 1846, a pour but de contribuer au d\u00e9veloppement des sciences, des arts et des belles lettres, de recueillir et publier les mat\u00e9riaux qui peuvent servir \u00e0 l\u2019histoire du [&hellip;]","og_url":"http:\/\/academie-nationale-reims.fr\/index.php\/presentation\/organisation\/statuts\/","og_site_name":"Acad\u00e9mie nationale de Reims","article_modified_time":"2023-03-22T15:18:05+00:00","og_image":[{"url":"http:\/\/academie-nationale-reims.fr\/wp-content\/uploads\/2015\/09\/MedArmReimsW-1.png"}],"twitter_card":"summary_large_image","twitter_misc":{"Dur\u00e9e de lecture estim\u00e9e":"2 minutes"},"schema":{"@context":"https:\/\/schema.org","@graph":[{"@type":"WebPage","@id":"http:\/\/academie-nationale-reims.fr\/index.php\/presentation\/organisation\/statuts\/","url":"http:\/\/academie-nationale-reims.fr\/index.php\/presentation\/organisation\/statuts\/","name":"Statuts - Acad\u00e9mie nationale de Reims","isPartOf":{"@id":"https:\/\/academie-nationale-reims.fr\/#website"},"datePublished":"2015-09-12T11:51:19+00:00","dateModified":"2023-03-22T15:18:05+00:00","breadcrumb":{"@id":"http:\/\/academie-nationale-reims.fr\/index.php\/presentation\/organisation\/statuts\/#breadcrumb"},"inLanguage":"fr-FR","potentialAction":[{"@type":"ReadAction","target":["http:\/\/academie-nationale-reims.fr\/index.php\/presentation\/organisation\/statuts\/"]}]},{"@type":"BreadcrumbList","@id":"http:\/\/academie-nationale-reims.fr\/index.php\/presentation\/organisation\/statuts\/#breadcrumb","itemListElement":[{"@type":"ListItem","position":1,"name":"Accueil","item":"https:\/\/academie-nationale-reims.fr\/"},{"@type":"ListItem","position":2,"name":"L&rsquo;Acad\u00e9mie","item":"http:\/\/academie-nationale-reims.fr\/index.php\/presentation\/"},{"@type":"ListItem","position":3,"name":"Organisation","item":"http:\/\/academie-nationale-reims.fr\/index.php\/presentation\/organisation\/"},{"@type":"ListItem","position":4,"name":"Statuts"}]},{"@type":"WebSite","@id":"https:\/\/academie-nationale-reims.fr\/#website","url":"https:\/\/academie-nationale-reims.fr\/","name":"Acad\u00e9mie nationale de Reims","description":"Ce site est en cours d\u2019am\u00e9nagements","publisher":{"@id":"https:\/\/academie-nationale-reims.fr\/#organization"},"potentialAction":[{"@type":"SearchAction","target":{"@type":"EntryPoint","urlTemplate":"https:\/\/academie-nationale-reims.fr\/?s={search_term_string}"},"query-input":"required name=search_term_string"}],"inLanguage":"fr-FR"},{"@type":"Organization","@id":"https:\/\/academie-nationale-reims.fr\/#organization","name":"Acad\u00e9mie nationale de Reims","url":"https:\/\/academie-nationale-reims.fr\/","logo":{"@type":"ImageObject","inLanguage":"fr-FR","@id":"https:\/\/academie-nationale-reims.fr\/#\/schema\/logo\/image\/","url":"https:\/\/academie-nationale-reims.fr\/wp-content\/uploads\/2023\/03\/logo.png","contentUrl":"https:\/\/academie-nationale-reims.fr\/wp-content\/uploads\/2023\/03\/logo.png","width":2038,"height":426,"caption":"Acad\u00e9mie nationale de Reims"},"image":{"@id":"https:\/\/academie-nationale-reims.fr\/#\/schema\/logo\/image\/"}}]}},"_links":{"self":[{"href":"https:\/\/academie-nationale-reims.fr\/index.php\/wp-json\/wp\/v2\/pages\/30"}],"collection":[{"href":"https:\/\/academie-nationale-reims.fr\/index.php\/wp-json\/wp\/v2\/pages"}],"about":[{"href":"https:\/\/academie-nationale-reims.fr\/index.php\/wp-json\/wp\/v2\/types\/page"}],"author":[{"embeddable":true,"href":"https:\/\/academie-nationale-reims.fr\/index.php\/wp-json\/wp\/v2\/users\/1"}],"replies":[{"embeddable":true,"href":"https:\/\/academie-nationale-reims.fr\/index.php\/wp-json\/wp\/v2\/comments?post=30"}],"version-history":[{"count":3,"href":"https:\/\/academie-nationale-reims.fr\/index.php\/wp-json\/wp\/v2\/pages\/30\/revisions"}],"predecessor-version":[{"id":2228,"href":"https:\/\/academie-nationale-reims.fr\/index.php\/wp-json\/wp\/v2\/pages\/30\/revisions\/2228"}],"up":[{"embeddable":true,"href":"https:\/\/academie-nationale-reims.fr\/index.php\/wp-json\/wp\/v2\/pages\/25"}],"wp:attachment":[{"href":"https:\/\/academie-nationale-reims.fr\/index.php\/wp-json\/wp\/v2\/media?parent=30"}],"curies":[{"name":"wp","href":"https:\/\/api.w.org\/{rel}","templated":true}]}}