{"id":430,"date":"2016-01-26T20:23:24","date_gmt":"2016-01-26T19:23:24","guid":{"rendered":"http:\/\/academie-nationale-reims.fr\/?page_id=430"},"modified":"2025-01-30T11:49:37","modified_gmt":"2025-01-30T10:49:37","slug":"commissions","status":"publish","type":"page","link":"https:\/\/academie-nationale-reims.fr\/index.php\/presentation\/organisation\/commissions\/","title":{"rendered":"Commissions"},"content":{"rendered":"<h3><strong>L\u2019Acad\u00e9mie comprend plusieurs commissions de travail<\/strong>.<\/h3>\n<p><strong>Le Pr\u00e9sident, le Vice-Pr\u00e9sident et le Secr\u00e9taire g\u00e9n\u00e9ral sont membres de droit de chaque commission.<\/strong><\/p>\n<p><span style=\"text-decoration: underline;\"><strong>Commission des Finances<\/strong><\/span> : <strong>Responsable : Jean-Louis BOUDIER<\/strong>, Yves CAUX<\/p>\n<p><span style=\"text-decoration: underline;\"><strong>Commission des \u00c9lections<\/strong> <\/span>: <strong>Responsable : Fran\u00e7oise N\u00c9OUZE-BLOND<\/strong>, Jean-Pierre BOUREUX, Patrick DEMOUY, Emmanuel DORFFER, Alain S\u00c9GAL<\/p>\n<p><strong><span style=\"text-decoration: underline;\">Commission \u00ab Fonctionnement et Statuts de l\u2019Acad\u00e9mie \u00bb<\/span> :<\/strong>\u00a0<strong>Responsable \u00a0Dominique N\u00c9OUZE<\/strong>, Jean-Pierre BOUREUX, Jacques CHANARD, Fran\u00e7oise N\u00c9OUZE-BLOND, \u00a0Jean TOUZET<\/p>\n<p><span style=\"text-decoration: underline;\"><strong>Commission du Prix PAYARD<\/strong> <\/span>:<strong> Pr\u00e9sident du jury : Patrick DEMOUY<\/strong>, <span style=\"font-size: inherit;\">Jean-Pierre BOUREUX, Michel ROYER<\/span><\/p>\n<p><span style=\"text-decoration: underline;\"><strong>Commission du Legs Hubert CLAISSE et des r\u00e9compenses<\/strong> <\/span>: <strong>Responsable : Patrick DEMOUY<\/strong>, Dominique N\u00c9OUZE, Michel ROYER<\/p>\n<p><span style=\"text-decoration: underline;\"><strong>Commission sur les Notices acad\u00e9miques<\/strong><\/span> : <strong>Responsable : Michel ROYER<\/strong>, Christophe HENRION, Dominique N\u00c9OUZE<\/p>\n<p><span style=\"text-decoration: underline;\"><strong>Commission pour les rencontres acad\u00e9miques<\/strong><\/span> : <strong>Responsable : Fran\u00e7oise N\u00c9OUZE-BLOND<\/strong>, Jacques CHANARD, Christophe HENRION, Dominique N\u00c9OUZE<\/p>\n<p><span style=\"text-decoration: underline;\"><strong>Comit\u00e9 de lecture<\/strong><\/span> : <strong>Responsable : Dominique N\u00c9OUZE <\/strong>,Jean-Joseph DARDENNES, Patrick DEMOUY, Emmanuel DORFFER, Maurice GRAND, Michel ROYER<\/p>\n<p><strong><span style=\"text-decoration: underline;\">Archiviste &#8211; Biblioth\u00e9caire\u00a0<\/span> :\u00a0<\/strong>Postes vacants<\/p>\n<p><span style=\"text-decoration: underline;\"><strong>Responsables du Site Internet de l\u2019Acad\u00e9mie<\/strong><\/span> : Jean-Pierre BOUREUX, Dominique N\u00c9OUZE, Fran\u00e7oise N\u00c9OUZE-BLOND<\/p>\n<p><span style=\"text-decoration: underline;\"><strong>Page Facebook<\/strong><\/span> : Christine ABEL\u00c9<\/p>\n<p><span style=\"text-decoration: underline;\"><strong>Relations avec la Presse et les m\u00e9dias locaux<\/strong><\/span> : Fran\u00e7oise N\u00c9OUZE-BLOND<\/p>\n<p><span style=\"text-decoration: underline;\"><strong>D\u00e9l\u00e9gu\u00e9 de l\u2019Acad\u00e9mie aupr\u00e8s de la Commission r\u00e9gionale des objets mobiliers<\/strong><\/span> : Jean-Pierre BOUREUX<\/p>\n<p><span style=\"text-decoration: underline;\"><strong>Permanents b\u00e9n\u00e9voles<\/strong><\/span> :<\/p>\n<ul>\n<li>Madame Francine BOUR\u00c9 (traitement informatique des adresses et des factures)<\/li>\n<li>Monsieur Denis McKEE (saisie informatique de la biblioth\u00e8que et des nouveaut\u00e9s)\u00a0<\/li>\n<li><span style=\"font-size: inherit;\">Monsieur Nadir SAIDI (site Internet et maintenance informatique<\/span><\/li>\n<li><span style=\"font-size: inherit;\">Monsieur Emile THI\u00c9BEAUX (t\u00e2ches administratives et entretien).<\/span><\/li>\n<li>Madame Sandrine TAVARES (saisie des Tables des mati\u00e8res des publications de l&rsquo;Acad\u00e9mie)\u00a0<\/li>\n<\/ul>\n\n","protected":false},"excerpt":{"rendered":"<p>L\u2019Acad\u00e9mie comprend plusieurs commissions de travail. Le Pr\u00e9sident, le Vice-Pr\u00e9sident et le Secr\u00e9taire g\u00e9n\u00e9ral sont membres de droit de chaque commission. Commission des Finances : Responsable : Jean-Louis BOUDIER, Yves CAUX Commission des \u00c9lections : Responsable : Fran\u00e7oise N\u00c9OUZE-BLOND, Jean-Pierre BOUREUX, Patrick DEMOUY, Emmanuel DORFFER, Alain S\u00c9GAL Commission \u00ab Fonctionnement et Statuts de l\u2019Acad\u00e9mie \u00bb [&hellip;]<\/p>\n","protected":false},"author":1,"featured_media":0,"parent":25,"menu_order":4,"comment_status":"closed","ping_status":"closed","template":"","meta":{"_mi_skip_tracking":false},"yoast_head":"<!-- This site is optimized with the Yoast SEO plugin v20.4 - https:\/\/yoast.com\/wordpress\/plugins\/seo\/ -->\n<title>Commissions - Acad\u00e9mie nationale de Reims<\/title>\n<meta name=\"robots\" content=\"index, follow, max-snippet:-1, max-image-preview:large, max-video-preview:-1\" \/>\n<link rel=\"canonical\" href=\"http:\/\/academie-nationale-reims.fr\/index.php\/presentation\/organisation\/commissions\/\" \/>\n<meta property=\"og:locale\" content=\"fr_FR\" \/>\n<meta property=\"og:type\" content=\"article\" \/>\n<meta property=\"og:title\" content=\"Commissions - Acad\u00e9mie nationale de Reims\" \/>\n<meta property=\"og:description\" content=\"L\u2019Acad\u00e9mie comprend plusieurs commissions de travail. Le Pr\u00e9sident, le Vice-Pr\u00e9sident et le Secr\u00e9taire g\u00e9n\u00e9ral sont membres de droit de chaque commission. Commission des Finances : Responsable : Jean-Louis BOUDIER, Yves CAUX Commission des \u00c9lections : Responsable : Fran\u00e7oise N\u00c9OUZE-BLOND, Jean-Pierre BOUREUX, Patrick DEMOUY, Emmanuel DORFFER, Alain S\u00c9GAL Commission \u00ab Fonctionnement et Statuts de l\u2019Acad\u00e9mie \u00bb [&hellip;]\" \/>\n<meta property=\"og:url\" content=\"http:\/\/academie-nationale-reims.fr\/index.php\/presentation\/organisation\/commissions\/\" \/>\n<meta property=\"og:site_name\" content=\"Acad\u00e9mie nationale de Reims\" \/>\n<meta property=\"article:modified_time\" content=\"2025-01-30T10:49:37+00:00\" \/>\n<meta name=\"twitter:card\" content=\"summary_large_image\" \/>\n<meta name=\"twitter:label1\" content=\"Dur\u00e9e de lecture estim\u00e9e\" \/>\n\t<meta name=\"twitter:data1\" content=\"2 minutes\" \/>\n<script type=\"application\/ld+json\" class=\"yoast-schema-graph\">{\"@context\":\"https:\/\/schema.org\",\"@graph\":[{\"@type\":\"WebPage\",\"@id\":\"http:\/\/academie-nationale-reims.fr\/index.php\/presentation\/organisation\/commissions\/\",\"url\":\"http:\/\/academie-nationale-reims.fr\/index.php\/presentation\/organisation\/commissions\/\",\"name\":\"Commissions - Acad\u00e9mie nationale de Reims\",\"isPartOf\":{\"@id\":\"https:\/\/academie-nationale-reims.fr\/#website\"},\"datePublished\":\"2016-01-26T19:23:24+00:00\",\"dateModified\":\"2025-01-30T10:49:37+00:00\",\"breadcrumb\":{\"@id\":\"http:\/\/academie-nationale-reims.fr\/index.php\/presentation\/organisation\/commissions\/#breadcrumb\"},\"inLanguage\":\"fr-FR\",\"potentialAction\":[{\"@type\":\"ReadAction\",\"target\":[\"http:\/\/academie-nationale-reims.fr\/index.php\/presentation\/organisation\/commissions\/\"]}]},{\"@type\":\"BreadcrumbList\",\"@id\":\"http:\/\/academie-nationale-reims.fr\/index.php\/presentation\/organisation\/commissions\/#breadcrumb\",\"itemListElement\":[{\"@type\":\"ListItem\",\"position\":1,\"name\":\"Accueil\",\"item\":\"https:\/\/academie-nationale-reims.fr\/\"},{\"@type\":\"ListItem\",\"position\":2,\"name\":\"L&rsquo;Acad\u00e9mie\",\"item\":\"http:\/\/academie-nationale-reims.fr\/index.php\/presentation\/\"},{\"@type\":\"ListItem\",\"position\":3,\"name\":\"Organisation\",\"item\":\"http:\/\/academie-nationale-reims.fr\/index.php\/presentation\/organisation\/\"},{\"@type\":\"ListItem\",\"position\":4,\"name\":\"Commissions\"}]},{\"@type\":\"WebSite\",\"@id\":\"https:\/\/academie-nationale-reims.fr\/#website\",\"url\":\"https:\/\/academie-nationale-reims.fr\/\",\"name\":\"Acad\u00e9mie nationale de Reims\",\"description\":\"Ce site est en cours d\u2019am\u00e9nagements\",\"publisher\":{\"@id\":\"https:\/\/academie-nationale-reims.fr\/#organization\"},\"potentialAction\":[{\"@type\":\"SearchAction\",\"target\":{\"@type\":\"EntryPoint\",\"urlTemplate\":\"https:\/\/academie-nationale-reims.fr\/?s={search_term_string}\"},\"query-input\":\"required name=search_term_string\"}],\"inLanguage\":\"fr-FR\"},{\"@type\":\"Organization\",\"@id\":\"https:\/\/academie-nationale-reims.fr\/#organization\",\"name\":\"Acad\u00e9mie nationale de Reims\",\"url\":\"https:\/\/academie-nationale-reims.fr\/\",\"logo\":{\"@type\":\"ImageObject\",\"inLanguage\":\"fr-FR\",\"@id\":\"https:\/\/academie-nationale-reims.fr\/#\/schema\/logo\/image\/\",\"url\":\"https:\/\/academie-nationale-reims.fr\/wp-content\/uploads\/2023\/03\/logo.png\",\"contentUrl\":\"https:\/\/academie-nationale-reims.fr\/wp-content\/uploads\/2023\/03\/logo.png\",\"width\":2038,\"height\":426,\"caption\":\"Acad\u00e9mie nationale de Reims\"},\"image\":{\"@id\":\"https:\/\/academie-nationale-reims.fr\/#\/schema\/logo\/image\/\"}}]}<\/script>\n<!-- \/ Yoast SEO plugin. -->","yoast_head_json":{"title":"Commissions - Acad\u00e9mie nationale de Reims","robots":{"index":"index","follow":"follow","max-snippet":"max-snippet:-1","max-image-preview":"max-image-preview:large","max-video-preview":"max-video-preview:-1"},"canonical":"http:\/\/academie-nationale-reims.fr\/index.php\/presentation\/organisation\/commissions\/","og_locale":"fr_FR","og_type":"article","og_title":"Commissions - Acad\u00e9mie nationale de Reims","og_description":"L\u2019Acad\u00e9mie comprend plusieurs commissions de travail. Le Pr\u00e9sident, le Vice-Pr\u00e9sident et le Secr\u00e9taire g\u00e9n\u00e9ral sont membres de droit de chaque commission. Commission des Finances : Responsable : Jean-Louis BOUDIER, Yves CAUX Commission des \u00c9lections : Responsable : Fran\u00e7oise N\u00c9OUZE-BLOND, Jean-Pierre BOUREUX, Patrick DEMOUY, Emmanuel DORFFER, Alain S\u00c9GAL Commission \u00ab Fonctionnement et Statuts de l\u2019Acad\u00e9mie \u00bb [&hellip;]","og_url":"http:\/\/academie-nationale-reims.fr\/index.php\/presentation\/organisation\/commissions\/","og_site_name":"Acad\u00e9mie nationale de Reims","article_modified_time":"2025-01-30T10:49:37+00:00","twitter_card":"summary_large_image","twitter_misc":{"Dur\u00e9e de lecture estim\u00e9e":"2 minutes"},"schema":{"@context":"https:\/\/schema.org","@graph":[{"@type":"WebPage","@id":"http:\/\/academie-nationale-reims.fr\/index.php\/presentation\/organisation\/commissions\/","url":"http:\/\/academie-nationale-reims.fr\/index.php\/presentation\/organisation\/commissions\/","name":"Commissions - Acad\u00e9mie nationale de Reims","isPartOf":{"@id":"https:\/\/academie-nationale-reims.fr\/#website"},"datePublished":"2016-01-26T19:23:24+00:00","dateModified":"2025-01-30T10:49:37+00:00","breadcrumb":{"@id":"http:\/\/academie-nationale-reims.fr\/index.php\/presentation\/organisation\/commissions\/#breadcrumb"},"inLanguage":"fr-FR","potentialAction":[{"@type":"ReadAction","target":["http:\/\/academie-nationale-reims.fr\/index.php\/presentation\/organisation\/commissions\/"]}]},{"@type":"BreadcrumbList","@id":"http:\/\/academie-nationale-reims.fr\/index.php\/presentation\/organisation\/commissions\/#breadcrumb","itemListElement":[{"@type":"ListItem","position":1,"name":"Accueil","item":"https:\/\/academie-nationale-reims.fr\/"},{"@type":"ListItem","position":2,"name":"L&rsquo;Acad\u00e9mie","item":"http:\/\/academie-nationale-reims.fr\/index.php\/presentation\/"},{"@type":"ListItem","position":3,"name":"Organisation","item":"http:\/\/academie-nationale-reims.fr\/index.php\/presentation\/organisation\/"},{"@type":"ListItem","position":4,"name":"Commissions"}]},{"@type":"WebSite","@id":"https:\/\/academie-nationale-reims.fr\/#website","url":"https:\/\/academie-nationale-reims.fr\/","name":"Acad\u00e9mie nationale de Reims","description":"Ce site est en cours d\u2019am\u00e9nagements","publisher":{"@id":"https:\/\/academie-nationale-reims.fr\/#organization"},"potentialAction":[{"@type":"SearchAction","target":{"@type":"EntryPoint","urlTemplate":"https:\/\/academie-nationale-reims.fr\/?s={search_term_string}"},"query-input":"required name=search_term_string"}],"inLanguage":"fr-FR"},{"@type":"Organization","@id":"https:\/\/academie-nationale-reims.fr\/#organization","name":"Acad\u00e9mie nationale de Reims","url":"https:\/\/academie-nationale-reims.fr\/","logo":{"@type":"ImageObject","inLanguage":"fr-FR","@id":"https:\/\/academie-nationale-reims.fr\/#\/schema\/logo\/image\/","url":"https:\/\/academie-nationale-reims.fr\/wp-content\/uploads\/2023\/03\/logo.png","contentUrl":"https:\/\/academie-nationale-reims.fr\/wp-content\/uploads\/2023\/03\/logo.png","width":2038,"height":426,"caption":"Acad\u00e9mie nationale de Reims"},"image":{"@id":"https:\/\/academie-nationale-reims.fr\/#\/schema\/logo\/image\/"}}]}},"_links":{"self":[{"href":"https:\/\/academie-nationale-reims.fr\/index.php\/wp-json\/wp\/v2\/pages\/430"}],"collection":[{"href":"https:\/\/academie-nationale-reims.fr\/index.php\/wp-json\/wp\/v2\/pages"}],"about":[{"href":"https:\/\/academie-nationale-reims.fr\/index.php\/wp-json\/wp\/v2\/types\/page"}],"author":[{"embeddable":true,"href":"https:\/\/academie-nationale-reims.fr\/index.php\/wp-json\/wp\/v2\/users\/1"}],"replies":[{"embeddable":true,"href":"https:\/\/academie-nationale-reims.fr\/index.php\/wp-json\/wp\/v2\/comments?post=430"}],"version-history":[{"count":30,"href":"https:\/\/academie-nationale-reims.fr\/index.php\/wp-json\/wp\/v2\/pages\/430\/revisions"}],"predecessor-version":[{"id":2818,"href":"https:\/\/academie-nationale-reims.fr\/index.php\/wp-json\/wp\/v2\/pages\/430\/revisions\/2818"}],"up":[{"embeddable":true,"href":"https:\/\/academie-nationale-reims.fr\/index.php\/wp-json\/wp\/v2\/pages\/25"}],"wp:attachment":[{"href":"https:\/\/academie-nationale-reims.fr\/index.php\/wp-json\/wp\/v2\/media?parent=430"}],"curies":[{"name":"wp","href":"https:\/\/api.w.org\/{rel}","templated":true}]}}