{"id":486,"date":"2016-02-05T21:36:47","date_gmt":"2016-02-05T20:36:47","guid":{"rendered":"http:\/\/academie-nationale-reims.fr\/?page_id=486"},"modified":"2024-03-21T15:59:07","modified_gmt":"2024-03-21T14:59:07","slug":"membres-fondateurs","status":"publish","type":"page","link":"https:\/\/academie-nationale-reims.fr\/index.php\/presentation\/histoire\/membres-fondateurs\/","title":{"rendered":"Membres fondateurs"},"content":{"rendered":"<p><a href=\"http:\/\/academie-nationale-reims.fr\/wp-content\/uploads\/2024\/03\/TableauCadre30x35_300pppBrillanceEstompeePieceGommee-scaled.jpg\" rel=\"attachment wp-att-218\"><img decoding=\"async\" loading=\"lazy\" class=\"alignnone wp-image-2614 size-full\" src=\"http:\/\/academie-nationale-reims.fr\/wp-content\/uploads\/2024\/03\/TableauCadre30x35_300pppBrillanceEstompeePieceGommee-scaled.jpg\" alt=\"\" width=\"2189\" height=\"2560\" srcset=\"https:\/\/academie-nationale-reims.fr\/wp-content\/uploads\/2024\/03\/TableauCadre30x35_300pppBrillanceEstompeePieceGommee-scaled.jpg 2189w, https:\/\/academie-nationale-reims.fr\/wp-content\/uploads\/2024\/03\/TableauCadre30x35_300pppBrillanceEstompeePieceGommee-257x300.jpg 257w, https:\/\/academie-nationale-reims.fr\/wp-content\/uploads\/2024\/03\/TableauCadre30x35_300pppBrillanceEstompeePieceGommee-876x1024.jpg 876w, https:\/\/academie-nationale-reims.fr\/wp-content\/uploads\/2024\/03\/TableauCadre30x35_300pppBrillanceEstompeePieceGommee-768x898.jpg 768w, https:\/\/academie-nationale-reims.fr\/wp-content\/uploads\/2024\/03\/TableauCadre30x35_300pppBrillanceEstompeePieceGommee-1313x1536.jpg 1313w, https:\/\/academie-nationale-reims.fr\/wp-content\/uploads\/2024\/03\/TableauCadre30x35_300pppBrillanceEstompeePieceGommee-1751x2048.jpg 1751w, https:\/\/academie-nationale-reims.fr\/wp-content\/uploads\/2024\/03\/TableauCadre30x35_300pppBrillanceEstompeePieceGommee-1200x1403.jpg 1200w, https:\/\/academie-nationale-reims.fr\/wp-content\/uploads\/2024\/03\/TableauCadre30x35_300pppBrillanceEstompeePieceGommee-1980x2316.jpg 1980w\" sizes=\"(max-width: 2189px) 100vw, 2189px\" \/><\/a><\/p>\n<pre><strong>Le Cardinal Thomas Gousset (1792-1866), archev\u00eaque de Reims (1850-1866),\nfondateur de l'Acad\u00e9mie de Reims en 1841. \n<\/strong><strong>Huile sur toile. Archev\u00each\u00e9 de Reims.(Photo Jean-Pierre Boureux,2023)<\/strong><\/pre>\n<h4 style=\"text-align: center;\"><strong>Liste des 19 membres fondateurs <\/strong><strong>qui ont sign\u00e9 la lettre du 15 mai 1841 :<\/strong><\/h4>\n<table class=\" aligncenter\" style=\"width: 600px;\">\n<tbody>\n<tr>\n<td>\n<table>\n<tbody>\n<tr>\n<td width=\"614\">S. Em. le Cardinal <strong>Thomas GOUSSET<\/strong>, Archev\u00eaque de Reims<\/td>\n<\/tr>\n<tr>\n<td width=\"614\">Abb\u00e9 <strong>Clair BANDEVILLE<\/strong>, Aum\u00f4nier du Coll\u00e8ge royal, Chanoine honoraire<\/td>\n<\/tr>\n<tr>\n<td width=\"614\">M. <strong>BOUCH\u00c9 de SORBON<\/strong>, B\u00e2tonnier de l\u2019Ordre des Avocats<\/td>\n<\/tr>\n<tr>\n<td width=\"614\"><strong>Narcisse BRUNETTE,<\/strong> Architecte de la Ville<\/td>\n<\/tr>\n<tr>\n<td width=\"614\">Ma\u00eetre <strong>Th\u00e9ophile CONTANT<\/strong>, Notaire<\/td>\n<\/tr>\n<tr>\n<td width=\"614\"><strong>Pierre-Auguste D\u00c9ROD\u00c9-G\u00c9RUZEZ<\/strong>, membre du Conseil G\u00e9n\u00e9ral de la Marne<\/td>\n<\/tr>\n<tr>\n<td width=\"614\"><strong>Louis FANART<\/strong>, membre du Comit\u00e9 d\u2019Instruction Primaire<\/td>\n<\/tr>\n<tr>\n<td width=\"614\"><strong>Henri FLEURY-D\u00c9ROD\u00c9<\/strong>, R\u00e9dacteur en chef de l\u2019Ardennais<\/td>\n<\/tr>\n<tr>\n<td width=\"614\"><strong>Charles-Auguste<\/strong> <strong>HERB\u00c9<\/strong> , peintre<\/td>\n<\/tr>\n<tr>\n<td width=\"614\">Docteur <strong>Hector LANDOUZY<\/strong>, membre correspondant de l\u2019Acad\u00e9mie Royale de M\u00e9decine<\/td>\n<\/tr>\n<tr>\n<td width=\"614\"><strong>Roland MAILLE-LEBLANC<\/strong> , Pr\u00e9sident de la Chambre et du Tribunal de Commerce<\/td>\n<\/tr>\n<tr>\n<td width=\"614\">Chanoine <strong>Jean-Jacques NANQUETTE<\/strong>, Cur\u00e9 de Saint-Maurice, Chanoine honoraire<\/td>\n<\/tr>\n<tr>\n<td width=\"614\"><strong>Louis PARIS<\/strong>, Biblioth\u00e9caire de la ville de Reims, membre du Comit\u00e9 Historique<\/td>\n<\/tr>\n<tr>\n<td width=\"614\"><strong>Henri ROBILLARD<\/strong>, Juge d\u2019instruction<\/td>\n<\/tr>\n<tr>\n<td width=\"614\">Vicomte <strong>Ir\u00e9n\u00e9e RUINART de BRIMONT<\/strong>, ancien Maire et D\u00e9put\u00e9 de Reims<\/td>\n<\/tr>\n<tr>\n<td width=\"614\"><strong>Etienne SAUBINET<\/strong>, membre de la Soci\u00e9t\u00e9 d\u2019Agriculture, Sciences et Arts du d\u00e9partement de la Marne<\/td>\n<\/tr>\n<tr>\n<td width=\"614\"><strong>Gilbert de SAVIGNY<\/strong>, Directeur de l&rsquo;Ecole Secondaire de M\u00e9decine de Reims<\/td>\n<\/tr>\n<tr>\n<td width=\"614\"><strong>Prosper TARB\u00c9<\/strong>, Substitut du Procureur du Roi \u00e0 Versailles<\/td>\n<\/tr>\n<tr>\n<td width=\"614\">M. <strong>VINCENS de GOURGAS<\/strong>, Proviseur du Coll\u00e8ge Royal de Reims<\/td>\n<\/tr>\n<\/tbody>\n<\/table>\n<\/td>\n<\/tr>\n<\/tbody>\n<\/table>\n","protected":false},"excerpt":{"rendered":"<p>Le Cardinal Thomas Gousset (1792-1866), archev\u00eaque de Reims (1850-1866), fondateur de l&rsquo;Acad\u00e9mie de Reims en 1841. Huile sur toile. Archev\u00each\u00e9 de Reims.(Photo Jean-Pierre Boureux,2023) Liste des 19 membres fondateurs qui ont sign\u00e9 la lettre du 15 mai 1841 : S. Em. le Cardinal Thomas GOUSSET, Archev\u00eaque de Reims Abb\u00e9 Clair BANDEVILLE, Aum\u00f4nier du Coll\u00e8ge royal, [&hellip;]<\/p>\n","protected":false},"author":1,"featured_media":0,"parent":23,"menu_order":1,"comment_status":"closed","ping_status":"closed","template":"","meta":{"_mi_skip_tracking":false},"yoast_head":"<!-- This site is optimized with the Yoast SEO plugin v20.4 - https:\/\/yoast.com\/wordpress\/plugins\/seo\/ -->\n<title>Membres fondateurs - Acad\u00e9mie nationale de Reims<\/title>\n<meta name=\"robots\" content=\"index, follow, max-snippet:-1, max-image-preview:large, max-video-preview:-1\" \/>\n<link rel=\"canonical\" href=\"http:\/\/academie-nationale-reims.fr\/index.php\/presentation\/histoire\/membres-fondateurs\/\" \/>\n<meta property=\"og:locale\" content=\"fr_FR\" \/>\n<meta property=\"og:type\" content=\"article\" \/>\n<meta property=\"og:title\" content=\"Membres fondateurs - Acad\u00e9mie nationale de Reims\" \/>\n<meta property=\"og:description\" content=\"Le Cardinal Thomas Gousset (1792-1866), archev\u00eaque de Reims (1850-1866), fondateur de l&#039;Acad\u00e9mie de Reims en 1841. Huile sur toile. Archev\u00each\u00e9 de Reims.(Photo Jean-Pierre Boureux,2023) Liste des 19 membres fondateurs qui ont sign\u00e9 la lettre du 15 mai 1841 : S. Em. le Cardinal Thomas GOUSSET, Archev\u00eaque de Reims Abb\u00e9 Clair BANDEVILLE, Aum\u00f4nier du Coll\u00e8ge royal, [&hellip;]\" \/>\n<meta property=\"og:url\" content=\"http:\/\/academie-nationale-reims.fr\/index.php\/presentation\/histoire\/membres-fondateurs\/\" \/>\n<meta property=\"og:site_name\" content=\"Acad\u00e9mie nationale de Reims\" \/>\n<meta property=\"article:modified_time\" content=\"2024-03-21T14:59:07+00:00\" \/>\n<meta property=\"og:image\" content=\"http:\/\/academie-nationale-reims.fr\/wp-content\/uploads\/2024\/03\/TableauCadre30x35_300pppBrillanceEstompeePieceGommee-scaled.jpg\" \/>\n<meta name=\"twitter:card\" content=\"summary_large_image\" \/>\n<meta name=\"twitter:label1\" content=\"Dur\u00e9e de lecture estim\u00e9e\" \/>\n\t<meta name=\"twitter:data1\" content=\"2 minutes\" \/>\n<script type=\"application\/ld+json\" class=\"yoast-schema-graph\">{\"@context\":\"https:\/\/schema.org\",\"@graph\":[{\"@type\":\"WebPage\",\"@id\":\"http:\/\/academie-nationale-reims.fr\/index.php\/presentation\/histoire\/membres-fondateurs\/\",\"url\":\"http:\/\/academie-nationale-reims.fr\/index.php\/presentation\/histoire\/membres-fondateurs\/\",\"name\":\"Membres fondateurs - Acad\u00e9mie nationale de Reims\",\"isPartOf\":{\"@id\":\"https:\/\/academie-nationale-reims.fr\/#website\"},\"datePublished\":\"2016-02-05T20:36:47+00:00\",\"dateModified\":\"2024-03-21T14:59:07+00:00\",\"breadcrumb\":{\"@id\":\"http:\/\/academie-nationale-reims.fr\/index.php\/presentation\/histoire\/membres-fondateurs\/#breadcrumb\"},\"inLanguage\":\"fr-FR\",\"potentialAction\":[{\"@type\":\"ReadAction\",\"target\":[\"http:\/\/academie-nationale-reims.fr\/index.php\/presentation\/histoire\/membres-fondateurs\/\"]}]},{\"@type\":\"BreadcrumbList\",\"@id\":\"http:\/\/academie-nationale-reims.fr\/index.php\/presentation\/histoire\/membres-fondateurs\/#breadcrumb\",\"itemListElement\":[{\"@type\":\"ListItem\",\"position\":1,\"name\":\"Accueil\",\"item\":\"https:\/\/academie-nationale-reims.fr\/\"},{\"@type\":\"ListItem\",\"position\":2,\"name\":\"L&rsquo;Acad\u00e9mie\",\"item\":\"http:\/\/academie-nationale-reims.fr\/index.php\/presentation\/\"},{\"@type\":\"ListItem\",\"position\":3,\"name\":\"Histoire\",\"item\":\"http:\/\/academie-nationale-reims.fr\/index.php\/presentation\/histoire\/\"},{\"@type\":\"ListItem\",\"position\":4,\"name\":\"Membres fondateurs\"}]},{\"@type\":\"WebSite\",\"@id\":\"https:\/\/academie-nationale-reims.fr\/#website\",\"url\":\"https:\/\/academie-nationale-reims.fr\/\",\"name\":\"Acad\u00e9mie nationale de Reims\",\"description\":\"Ce site est en cours d\u2019am\u00e9nagements\",\"publisher\":{\"@id\":\"https:\/\/academie-nationale-reims.fr\/#organization\"},\"potentialAction\":[{\"@type\":\"SearchAction\",\"target\":{\"@type\":\"EntryPoint\",\"urlTemplate\":\"https:\/\/academie-nationale-reims.fr\/?s={search_term_string}\"},\"query-input\":\"required name=search_term_string\"}],\"inLanguage\":\"fr-FR\"},{\"@type\":\"Organization\",\"@id\":\"https:\/\/academie-nationale-reims.fr\/#organization\",\"name\":\"Acad\u00e9mie nationale de Reims\",\"url\":\"https:\/\/academie-nationale-reims.fr\/\",\"logo\":{\"@type\":\"ImageObject\",\"inLanguage\":\"fr-FR\",\"@id\":\"https:\/\/academie-nationale-reims.fr\/#\/schema\/logo\/image\/\",\"url\":\"https:\/\/academie-nationale-reims.fr\/wp-content\/uploads\/2023\/03\/logo.png\",\"contentUrl\":\"https:\/\/academie-nationale-reims.fr\/wp-content\/uploads\/2023\/03\/logo.png\",\"width\":2038,\"height\":426,\"caption\":\"Acad\u00e9mie nationale de Reims\"},\"image\":{\"@id\":\"https:\/\/academie-nationale-reims.fr\/#\/schema\/logo\/image\/\"}}]}<\/script>\n<!-- \/ Yoast SEO plugin. -->","yoast_head_json":{"title":"Membres fondateurs - Acad\u00e9mie nationale de Reims","robots":{"index":"index","follow":"follow","max-snippet":"max-snippet:-1","max-image-preview":"max-image-preview:large","max-video-preview":"max-video-preview:-1"},"canonical":"http:\/\/academie-nationale-reims.fr\/index.php\/presentation\/histoire\/membres-fondateurs\/","og_locale":"fr_FR","og_type":"article","og_title":"Membres fondateurs - Acad\u00e9mie nationale de Reims","og_description":"Le Cardinal Thomas Gousset (1792-1866), archev\u00eaque de Reims (1850-1866), fondateur de l'Acad\u00e9mie de Reims en 1841. Huile sur toile. Archev\u00each\u00e9 de Reims.(Photo Jean-Pierre Boureux,2023) Liste des 19 membres fondateurs qui ont sign\u00e9 la lettre du 15 mai 1841 : S. Em. le Cardinal Thomas GOUSSET, Archev\u00eaque de Reims Abb\u00e9 Clair BANDEVILLE, Aum\u00f4nier du Coll\u00e8ge royal, [&hellip;]","og_url":"http:\/\/academie-nationale-reims.fr\/index.php\/presentation\/histoire\/membres-fondateurs\/","og_site_name":"Acad\u00e9mie nationale de Reims","article_modified_time":"2024-03-21T14:59:07+00:00","og_image":[{"url":"http:\/\/academie-nationale-reims.fr\/wp-content\/uploads\/2024\/03\/TableauCadre30x35_300pppBrillanceEstompeePieceGommee-scaled.jpg"}],"twitter_card":"summary_large_image","twitter_misc":{"Dur\u00e9e de lecture estim\u00e9e":"2 minutes"},"schema":{"@context":"https:\/\/schema.org","@graph":[{"@type":"WebPage","@id":"http:\/\/academie-nationale-reims.fr\/index.php\/presentation\/histoire\/membres-fondateurs\/","url":"http:\/\/academie-nationale-reims.fr\/index.php\/presentation\/histoire\/membres-fondateurs\/","name":"Membres fondateurs - Acad\u00e9mie nationale de Reims","isPartOf":{"@id":"https:\/\/academie-nationale-reims.fr\/#website"},"datePublished":"2016-02-05T20:36:47+00:00","dateModified":"2024-03-21T14:59:07+00:00","breadcrumb":{"@id":"http:\/\/academie-nationale-reims.fr\/index.php\/presentation\/histoire\/membres-fondateurs\/#breadcrumb"},"inLanguage":"fr-FR","potentialAction":[{"@type":"ReadAction","target":["http:\/\/academie-nationale-reims.fr\/index.php\/presentation\/histoire\/membres-fondateurs\/"]}]},{"@type":"BreadcrumbList","@id":"http:\/\/academie-nationale-reims.fr\/index.php\/presentation\/histoire\/membres-fondateurs\/#breadcrumb","itemListElement":[{"@type":"ListItem","position":1,"name":"Accueil","item":"https:\/\/academie-nationale-reims.fr\/"},{"@type":"ListItem","position":2,"name":"L&rsquo;Acad\u00e9mie","item":"http:\/\/academie-nationale-reims.fr\/index.php\/presentation\/"},{"@type":"ListItem","position":3,"name":"Histoire","item":"http:\/\/academie-nationale-reims.fr\/index.php\/presentation\/histoire\/"},{"@type":"ListItem","position":4,"name":"Membres fondateurs"}]},{"@type":"WebSite","@id":"https:\/\/academie-nationale-reims.fr\/#website","url":"https:\/\/academie-nationale-reims.fr\/","name":"Acad\u00e9mie nationale de Reims","description":"Ce site est en cours d\u2019am\u00e9nagements","publisher":{"@id":"https:\/\/academie-nationale-reims.fr\/#organization"},"potentialAction":[{"@type":"SearchAction","target":{"@type":"EntryPoint","urlTemplate":"https:\/\/academie-nationale-reims.fr\/?s={search_term_string}"},"query-input":"required name=search_term_string"}],"inLanguage":"fr-FR"},{"@type":"Organization","@id":"https:\/\/academie-nationale-reims.fr\/#organization","name":"Acad\u00e9mie nationale de Reims","url":"https:\/\/academie-nationale-reims.fr\/","logo":{"@type":"ImageObject","inLanguage":"fr-FR","@id":"https:\/\/academie-nationale-reims.fr\/#\/schema\/logo\/image\/","url":"https:\/\/academie-nationale-reims.fr\/wp-content\/uploads\/2023\/03\/logo.png","contentUrl":"https:\/\/academie-nationale-reims.fr\/wp-content\/uploads\/2023\/03\/logo.png","width":2038,"height":426,"caption":"Acad\u00e9mie nationale de Reims"},"image":{"@id":"https:\/\/academie-nationale-reims.fr\/#\/schema\/logo\/image\/"}}]}},"_links":{"self":[{"href":"https:\/\/academie-nationale-reims.fr\/index.php\/wp-json\/wp\/v2\/pages\/486"}],"collection":[{"href":"https:\/\/academie-nationale-reims.fr\/index.php\/wp-json\/wp\/v2\/pages"}],"about":[{"href":"https:\/\/academie-nationale-reims.fr\/index.php\/wp-json\/wp\/v2\/types\/page"}],"author":[{"embeddable":true,"href":"https:\/\/academie-nationale-reims.fr\/index.php\/wp-json\/wp\/v2\/users\/1"}],"replies":[{"embeddable":true,"href":"https:\/\/academie-nationale-reims.fr\/index.php\/wp-json\/wp\/v2\/comments?post=486"}],"version-history":[{"count":12,"href":"https:\/\/academie-nationale-reims.fr\/index.php\/wp-json\/wp\/v2\/pages\/486\/revisions"}],"predecessor-version":[{"id":2624,"href":"https:\/\/academie-nationale-reims.fr\/index.php\/wp-json\/wp\/v2\/pages\/486\/revisions\/2624"}],"up":[{"embeddable":true,"href":"https:\/\/academie-nationale-reims.fr\/index.php\/wp-json\/wp\/v2\/pages\/23"}],"wp:attachment":[{"href":"https:\/\/academie-nationale-reims.fr\/index.php\/wp-json\/wp\/v2\/media?parent=486"}],"curies":[{"name":"wp","href":"https:\/\/api.w.org\/{rel}","templated":true}]}}