{"id":496,"date":"2016-02-05T22:29:02","date_gmt":"2016-02-05T21:29:02","guid":{"rendered":"http:\/\/academie-nationale-reims.fr\/?page_id=496"},"modified":"2016-03-12T14:46:34","modified_gmt":"2016-03-12T13:46:34","slug":"medailles","status":"publish","type":"page","link":"https:\/\/academie-nationale-reims.fr\/index.php\/activites\/medailles\/","title":{"rendered":"M\u00e9dailles"},"content":{"rendered":"<p>Autrefois, l&rsquo;Acad\u00e9mie honorait les laur\u00e9ats\u00a0aux concours qu&rsquo;elle avait organis\u00e9s par des prix, des dipl\u00f4mes et des m\u00e9dailles.<\/p>\n<p>L&rsquo;Acad\u00e9mie \u00e9met des m\u00e9dailles pour comm\u00e9morer\u00a0certains \u00e9v\u00e9nements :<\/p>\n<p><a href=\"http:\/\/academie-nationale-reims.fr\/index.php\/2015\/11\/22\/medaille-exposition-1900\/\">M\u00e9daille de l&rsquo;exposition universelle de 1900<\/a><\/p>\n<p><a href=\"http:\/\/academie-nationale-reims.fr\/index.php\/2015\/11\/22\/medailles-de-lacademie-nationale-de-reims\/\">M\u00e9dailles de l&rsquo;Acad\u00e9mie<\/a><\/p>\n<p><a href=\"http:\/\/academie-nationale-reims.fr\/index.php\/2015\/11\/22\/medaille-du-150eme-anniversaire\/\">M\u00e9daille du 150e anniversaire<\/a><\/p>\n","protected":false},"excerpt":{"rendered":"<p>Autrefois, l&rsquo;Acad\u00e9mie honorait les laur\u00e9ats\u00a0aux concours qu&rsquo;elle avait organis\u00e9s par des prix, des dipl\u00f4mes et des m\u00e9dailles. L&rsquo;Acad\u00e9mie \u00e9met des m\u00e9dailles pour comm\u00e9morer\u00a0certains \u00e9v\u00e9nements : M\u00e9daille de l&rsquo;exposition universelle de 1900 M\u00e9dailles de l&rsquo;Acad\u00e9mie M\u00e9daille du 150e anniversaire<\/p>\n","protected":false},"author":1,"featured_media":0,"parent":15,"menu_order":4,"comment_status":"closed","ping_status":"closed","template":"","meta":{"_mi_skip_tracking":false},"yoast_head":"<!-- This site is optimized with the Yoast SEO plugin v20.4 - https:\/\/yoast.com\/wordpress\/plugins\/seo\/ -->\n<title>M\u00e9dailles - Acad\u00e9mie nationale de Reims<\/title>\n<meta name=\"robots\" content=\"index, follow, max-snippet:-1, max-image-preview:large, max-video-preview:-1\" \/>\n<link rel=\"canonical\" href=\"https:\/\/academie-nationale-reims.fr\/index.php\/activites\/medailles\/\" \/>\n<meta property=\"og:locale\" content=\"fr_FR\" \/>\n<meta property=\"og:type\" content=\"article\" \/>\n<meta property=\"og:title\" content=\"M\u00e9dailles - Acad\u00e9mie nationale de Reims\" \/>\n<meta property=\"og:description\" content=\"Autrefois, l&rsquo;Acad\u00e9mie honorait les laur\u00e9ats\u00a0aux concours qu&rsquo;elle avait organis\u00e9s par des prix, des dipl\u00f4mes et des m\u00e9dailles. L&rsquo;Acad\u00e9mie \u00e9met des m\u00e9dailles pour comm\u00e9morer\u00a0certains \u00e9v\u00e9nements : M\u00e9daille de l&rsquo;exposition universelle de 1900 M\u00e9dailles de l&rsquo;Acad\u00e9mie M\u00e9daille du 150e anniversaire\" \/>\n<meta property=\"og:url\" content=\"https:\/\/academie-nationale-reims.fr\/index.php\/activites\/medailles\/\" \/>\n<meta property=\"og:site_name\" content=\"Acad\u00e9mie nationale de Reims\" \/>\n<meta property=\"article:modified_time\" content=\"2016-03-12T13:46:34+00:00\" \/>\n<meta name=\"twitter:card\" content=\"summary_large_image\" \/>\n<script type=\"application\/ld+json\" class=\"yoast-schema-graph\">{\"@context\":\"https:\/\/schema.org\",\"@graph\":[{\"@type\":\"WebPage\",\"@id\":\"https:\/\/academie-nationale-reims.fr\/index.php\/activites\/medailles\/\",\"url\":\"https:\/\/academie-nationale-reims.fr\/index.php\/activites\/medailles\/\",\"name\":\"M\u00e9dailles - Acad\u00e9mie nationale de Reims\",\"isPartOf\":{\"@id\":\"https:\/\/academie-nationale-reims.fr\/#website\"},\"datePublished\":\"2016-02-05T21:29:02+00:00\",\"dateModified\":\"2016-03-12T13:46:34+00:00\",\"breadcrumb\":{\"@id\":\"https:\/\/academie-nationale-reims.fr\/index.php\/activites\/medailles\/#breadcrumb\"},\"inLanguage\":\"fr-FR\",\"potentialAction\":[{\"@type\":\"ReadAction\",\"target\":[\"https:\/\/academie-nationale-reims.fr\/index.php\/activites\/medailles\/\"]}]},{\"@type\":\"BreadcrumbList\",\"@id\":\"https:\/\/academie-nationale-reims.fr\/index.php\/activites\/medailles\/#breadcrumb\",\"itemListElement\":[{\"@type\":\"ListItem\",\"position\":1,\"name\":\"Accueil\",\"item\":\"https:\/\/academie-nationale-reims.fr\/\"},{\"@type\":\"ListItem\",\"position\":2,\"name\":\"Activit\u00e9s\",\"item\":\"https:\/\/academie-nationale-reims.fr\/index.php\/activites\/\"},{\"@type\":\"ListItem\",\"position\":3,\"name\":\"M\u00e9dailles\"}]},{\"@type\":\"WebSite\",\"@id\":\"https:\/\/academie-nationale-reims.fr\/#website\",\"url\":\"https:\/\/academie-nationale-reims.fr\/\",\"name\":\"Acad\u00e9mie nationale de Reims\",\"description\":\"Ce site est en cours d\u2019am\u00e9nagements\",\"publisher\":{\"@id\":\"https:\/\/academie-nationale-reims.fr\/#organization\"},\"potentialAction\":[{\"@type\":\"SearchAction\",\"target\":{\"@type\":\"EntryPoint\",\"urlTemplate\":\"https:\/\/academie-nationale-reims.fr\/?s={search_term_string}\"},\"query-input\":\"required name=search_term_string\"}],\"inLanguage\":\"fr-FR\"},{\"@type\":\"Organization\",\"@id\":\"https:\/\/academie-nationale-reims.fr\/#organization\",\"name\":\"Acad\u00e9mie nationale de Reims\",\"url\":\"https:\/\/academie-nationale-reims.fr\/\",\"logo\":{\"@type\":\"ImageObject\",\"inLanguage\":\"fr-FR\",\"@id\":\"https:\/\/academie-nationale-reims.fr\/#\/schema\/logo\/image\/\",\"url\":\"https:\/\/academie-nationale-reims.fr\/wp-content\/uploads\/2023\/03\/logo.png\",\"contentUrl\":\"https:\/\/academie-nationale-reims.fr\/wp-content\/uploads\/2023\/03\/logo.png\",\"width\":2038,\"height\":426,\"caption\":\"Acad\u00e9mie nationale de Reims\"},\"image\":{\"@id\":\"https:\/\/academie-nationale-reims.fr\/#\/schema\/logo\/image\/\"}}]}<\/script>\n<!-- \/ Yoast SEO plugin. -->","yoast_head_json":{"title":"M\u00e9dailles - Acad\u00e9mie nationale de Reims","robots":{"index":"index","follow":"follow","max-snippet":"max-snippet:-1","max-image-preview":"max-image-preview:large","max-video-preview":"max-video-preview:-1"},"canonical":"https:\/\/academie-nationale-reims.fr\/index.php\/activites\/medailles\/","og_locale":"fr_FR","og_type":"article","og_title":"M\u00e9dailles - Acad\u00e9mie nationale de Reims","og_description":"Autrefois, l&rsquo;Acad\u00e9mie honorait les laur\u00e9ats\u00a0aux concours qu&rsquo;elle avait organis\u00e9s par des prix, des dipl\u00f4mes et des m\u00e9dailles. L&rsquo;Acad\u00e9mie \u00e9met des m\u00e9dailles pour comm\u00e9morer\u00a0certains \u00e9v\u00e9nements : M\u00e9daille de l&rsquo;exposition universelle de 1900 M\u00e9dailles de l&rsquo;Acad\u00e9mie M\u00e9daille du 150e anniversaire","og_url":"https:\/\/academie-nationale-reims.fr\/index.php\/activites\/medailles\/","og_site_name":"Acad\u00e9mie nationale de Reims","article_modified_time":"2016-03-12T13:46:34+00:00","twitter_card":"summary_large_image","schema":{"@context":"https:\/\/schema.org","@graph":[{"@type":"WebPage","@id":"https:\/\/academie-nationale-reims.fr\/index.php\/activites\/medailles\/","url":"https:\/\/academie-nationale-reims.fr\/index.php\/activites\/medailles\/","name":"M\u00e9dailles - Acad\u00e9mie nationale de Reims","isPartOf":{"@id":"https:\/\/academie-nationale-reims.fr\/#website"},"datePublished":"2016-02-05T21:29:02+00:00","dateModified":"2016-03-12T13:46:34+00:00","breadcrumb":{"@id":"https:\/\/academie-nationale-reims.fr\/index.php\/activites\/medailles\/#breadcrumb"},"inLanguage":"fr-FR","potentialAction":[{"@type":"ReadAction","target":["https:\/\/academie-nationale-reims.fr\/index.php\/activites\/medailles\/"]}]},{"@type":"BreadcrumbList","@id":"https:\/\/academie-nationale-reims.fr\/index.php\/activites\/medailles\/#breadcrumb","itemListElement":[{"@type":"ListItem","position":1,"name":"Accueil","item":"https:\/\/academie-nationale-reims.fr\/"},{"@type":"ListItem","position":2,"name":"Activit\u00e9s","item":"https:\/\/academie-nationale-reims.fr\/index.php\/activites\/"},{"@type":"ListItem","position":3,"name":"M\u00e9dailles"}]},{"@type":"WebSite","@id":"https:\/\/academie-nationale-reims.fr\/#website","url":"https:\/\/academie-nationale-reims.fr\/","name":"Acad\u00e9mie nationale de Reims","description":"Ce site est en cours d\u2019am\u00e9nagements","publisher":{"@id":"https:\/\/academie-nationale-reims.fr\/#organization"},"potentialAction":[{"@type":"SearchAction","target":{"@type":"EntryPoint","urlTemplate":"https:\/\/academie-nationale-reims.fr\/?s={search_term_string}"},"query-input":"required name=search_term_string"}],"inLanguage":"fr-FR"},{"@type":"Organization","@id":"https:\/\/academie-nationale-reims.fr\/#organization","name":"Acad\u00e9mie nationale de Reims","url":"https:\/\/academie-nationale-reims.fr\/","logo":{"@type":"ImageObject","inLanguage":"fr-FR","@id":"https:\/\/academie-nationale-reims.fr\/#\/schema\/logo\/image\/","url":"https:\/\/academie-nationale-reims.fr\/wp-content\/uploads\/2023\/03\/logo.png","contentUrl":"https:\/\/academie-nationale-reims.fr\/wp-content\/uploads\/2023\/03\/logo.png","width":2038,"height":426,"caption":"Acad\u00e9mie nationale de Reims"},"image":{"@id":"https:\/\/academie-nationale-reims.fr\/#\/schema\/logo\/image\/"}}]}},"_links":{"self":[{"href":"https:\/\/academie-nationale-reims.fr\/index.php\/wp-json\/wp\/v2\/pages\/496"}],"collection":[{"href":"https:\/\/academie-nationale-reims.fr\/index.php\/wp-json\/wp\/v2\/pages"}],"about":[{"href":"https:\/\/academie-nationale-reims.fr\/index.php\/wp-json\/wp\/v2\/types\/page"}],"author":[{"embeddable":true,"href":"https:\/\/academie-nationale-reims.fr\/index.php\/wp-json\/wp\/v2\/users\/1"}],"replies":[{"embeddable":true,"href":"https:\/\/academie-nationale-reims.fr\/index.php\/wp-json\/wp\/v2\/comments?post=496"}],"version-history":[{"count":4,"href":"https:\/\/academie-nationale-reims.fr\/index.php\/wp-json\/wp\/v2\/pages\/496\/revisions"}],"predecessor-version":[{"id":740,"href":"https:\/\/academie-nationale-reims.fr\/index.php\/wp-json\/wp\/v2\/pages\/496\/revisions\/740"}],"up":[{"embeddable":true,"href":"https:\/\/academie-nationale-reims.fr\/index.php\/wp-json\/wp\/v2\/pages\/15"}],"wp:attachment":[{"href":"https:\/\/academie-nationale-reims.fr\/index.php\/wp-json\/wp\/v2\/media?parent=496"}],"curies":[{"name":"wp","href":"https:\/\/api.w.org\/{rel}","templated":true}]}}