{"id":58,"date":"2015-09-12T12:00:40","date_gmt":"2015-09-12T12:00:40","guid":{"rendered":"http:\/\/anr2-1.nanopikz.com\/?page_id=58"},"modified":"2019-03-03T12:02:45","modified_gmt":"2019-03-03T11:02:45","slug":"prix-maurice-payard","status":"publish","type":"page","link":"https:\/\/academie-nationale-reims.fr\/index.php\/activites\/prix-decernes\/prix-maurice-payard\/","title":{"rendered":"Prix Maurice Payard"},"content":{"rendered":"<div class=\"post_wrap layer_wrapper\">\n<div id=\"content\">\n<div class=\"center\">\n<div class=\"single_wrap no_sidebar\">\n<div class=\"single_post\">\n<div id=\"post-290\" class=\"post-290 post type-post status-publish format-standard hentry category-uncategorized\">\n<div class=\"single_post_content\">\n<div class=\"thn_post_wrap\">\n<p><img decoding=\"async\" loading=\"lazy\" class=\"size-full wp-image-292 aligncenter\" src=\"http:\/\/academie-nationale-reims.fr\/wp-content\/uploads\/2015\/11\/MauricePayardW-1.jpg\" alt=\"MauricePayardW\" width=\"295\" height=\"255\" \/><\/p>\n<p>&nbsp;<\/p>\n<p style=\"text-align: left;\">Par son\u00a0testament olographe dat\u00e9 du 5 mai 1944, Maurice Payard l\u00e8gue \u00e0 l\u2019 Acad\u00e9mie nationale de Reims une somme d&rsquo;argent pour la fondation d\u2019un Prix national d\u2019histoire nomm\u00e9 \u00ab\u00a0Prix Maurice Payard\u00a0\u00bb.<br \/>\nCe legs\u00a0correspond au souhait de Maurice Payard de maintenir vivante la m\u00e9moire de son p\u00e8re arch\u00e9ologue et numismate et d\u2019assurer\u00a0dans le temps l\u2019entretien de sa tombe au cimeti\u00e8re du nord.<br \/>\nTous les deux ans, l\u2019Acad\u00e9mie d\u00e9cerne son \u201cGrand Prix d\u2019histoire nationale\u201d d\u2019une valeur de 1500 \u20ac.<br \/>\nCe prix couronne \u201cune \u0153uvre d\u2019histoire nationale ou provinciale d\u00e9j\u00e0 consid\u00e9rable par son volume et traitant d\u2019un sujet neuf ou mal connu, \u00e0 l\u2019aide de documents en grande partie in\u00e9dits\u201d.<br \/>\nL&rsquo;Acad\u00e9mie honore le plus souvent possible un candidat tout en respectant les clauses particuli\u00e8rement restrictives des conditions d\u2019application de ce legs.<\/p>\n<p style=\"text-align: center;\"><img decoding=\"async\" src=\"http:\/\/academie-nationale-reims.fr\/wp-content\/uploads\/2015\/11\/TestMPayardW-1.jpg\" alt=\"TestMPayardW\" \/><\/p>\n<p style=\"text-align: center;\"><em>Testament olographe de Maurice Payard &#8211; 5 mai 1944<\/em><\/p>\n<p style=\"text-align: center;\"><strong>Laur\u00e9ats du Prix Maurice Payard :<\/strong><\/p>\n<p style=\"text-align: left;\">1976 &#8211; Louis-Marie LOMULLER : \u00ab\u00a0Baron Guillaume Louis\u00a0Ternaux, premi\u00e8re int\u00e9gration industrielle fran\u00e7aise\u00a0\u00bb<\/p>\n<p style=\"text-align: left;\">1980 &#8211; Abb\u00e9 Jean-Christophe DEMART : \u00ab\u00a0Traditions et myst\u00e8res d&rsquo;un terroir comtois au XIXe si\u00e8cle\u00a0\u00bb<\/p>\n<p style=\"text-align: left;\">1982 &#8211; Abb\u00e9 Fran\u00e7ois MORLOT : \u00ab\u00a0L&rsquo;abb\u00e9 Daniel Fontaine, restaurateur de la Soci\u00e9t\u00e9 du Coeur de J\u00e9sus\u00a0\u00bb<\/p>\n<p style=\"text-align: left;\">1984 &#8211; Chanoine Michel VEISSIERE : \u00ab\u00a0La R\u00e9forme catholique \u00e0 la veille du Concile de Trente\u00a0\u00bb<\/p>\n<p style=\"text-align: left;\">1988 &#8211; Michel LEQUOY : \u00ab\u00a0Maisons et enseignes de Senlis du XIVe au XVIIIe si\u00e8cle\u00a0\u00bb<\/p>\n<p style=\"text-align: left;\">1990 &#8211; Herv\u00e9 PINOTEAU : \u00ab\u00a0Notre-Dame de Chartres et de France\u00a0\u00bb<\/p>\n<p style=\"text-align: left;\">1992 &#8211; Jean-Claude VOISIN, Eric AFFOLTER et Andr\u00e9 BOUVARD : \u00ab\u00a0Atlas des villes de Franche-Comt\u00e9 relatif aux bourgs castraux de la Haute Sa\u00f4ne\u00a0\u00bb<\/p>\n<p style=\"text-align: left;\">1994 &#8211; Christian SETTIPANI avec la collaboration de P. KERREBROUCK : \u00ab\u00a0La pr\u00e9histoire des Cap\u00e9tiens\u00a0\u00bb<\/p>\n<p style=\"text-align: left;\">2001 &#8211; Louis RICHARD : \u00ab\u00a0Les \u00e9tudes champenoises\u00a0\u00bb<\/p>\n<p style=\"text-align: left;\">2005 &#8211; Gilles CUGNIER : \u00ab\u00a0Histoire du monast\u00e8re de Luxeuil des origines \u00e0 la R\u00e9volution \u00e0 travers ses abb\u00e9s\u00a0\u00bb<\/p>\n<p style=\"text-align: left;\">2009 &#8211; Abb\u00e9 Georges DELBOS (MSC-Missionnaires du Sacr\u00e9-Coeur) : \u00ab\u00a0Marie-Th\u00e9r\u00e8se Noblet , 1889-1930, des Ardennes en Papouasie\u00a0\u00bb<\/p>\n<p style=\"text-align: left;\">2013\u00a0&#8211; \u00c9douard de SAINT-PHALLE : \u00ab\u00a0Histoire de la maison de Chastellux du XIe au XXIe si\u00e8cle\u00a0\u00bb<\/p>\n<p style=\"text-align: left;\"><a href=\"http:\/\/academie-nationale-reims.fr\/wp-content\/uploads\/2015\/09\/2018-Jacques-HUSSENET.pdf\">2018 &#8211; Jacques HUSSENET<\/a>\u00a0: \u00ab\u00a0Louis XVI, le prisonnier de Varennes\u00a0\u00bb<\/p>\n<\/div>\n<\/div>\n<\/div>\n<\/div>\n<\/div>\n<\/div>\n<\/div>\n<\/div>\n","protected":false},"excerpt":{"rendered":"<p>&nbsp; Par son\u00a0testament olographe dat\u00e9 du 5 mai 1944, Maurice Payard l\u00e8gue \u00e0 l\u2019 Acad\u00e9mie nationale de Reims une somme d&rsquo;argent pour la fondation d\u2019un Prix national d\u2019histoire nomm\u00e9 \u00ab\u00a0Prix Maurice Payard\u00a0\u00bb. Ce legs\u00a0correspond au souhait de Maurice Payard de maintenir vivante la m\u00e9moire de son p\u00e8re arch\u00e9ologue et numismate et d\u2019assurer\u00a0dans le temps l\u2019entretien [&hellip;]<\/p>\n","protected":false},"author":1,"featured_media":0,"parent":54,"menu_order":2,"comment_status":"closed","ping_status":"closed","template":"","meta":{"_mi_skip_tracking":false},"yoast_head":"<!-- This site is optimized with the Yoast SEO plugin v20.4 - https:\/\/yoast.com\/wordpress\/plugins\/seo\/ -->\n<title>Prix Maurice Payard - Acad\u00e9mie nationale de Reims<\/title>\n<meta name=\"robots\" content=\"index, follow, max-snippet:-1, max-image-preview:large, max-video-preview:-1\" \/>\n<link rel=\"canonical\" href=\"https:\/\/academie-nationale-reims.fr\/index.php\/activites\/prix-decernes\/prix-maurice-payard\/\" \/>\n<meta property=\"og:locale\" content=\"fr_FR\" \/>\n<meta property=\"og:type\" content=\"article\" \/>\n<meta property=\"og:title\" content=\"Prix Maurice Payard - Acad\u00e9mie nationale de Reims\" \/>\n<meta property=\"og:description\" content=\"&nbsp; Par son\u00a0testament olographe dat\u00e9 du 5 mai 1944, Maurice Payard l\u00e8gue \u00e0 l\u2019 Acad\u00e9mie nationale de Reims une somme d&rsquo;argent pour la fondation d\u2019un Prix national d\u2019histoire nomm\u00e9 \u00ab\u00a0Prix Maurice Payard\u00a0\u00bb. Ce legs\u00a0correspond au souhait de Maurice Payard de maintenir vivante la m\u00e9moire de son p\u00e8re arch\u00e9ologue et numismate et d\u2019assurer\u00a0dans le temps l\u2019entretien [&hellip;]\" \/>\n<meta property=\"og:url\" content=\"https:\/\/academie-nationale-reims.fr\/index.php\/activites\/prix-decernes\/prix-maurice-payard\/\" \/>\n<meta property=\"og:site_name\" content=\"Acad\u00e9mie nationale de Reims\" \/>\n<meta property=\"article:modified_time\" content=\"2019-03-03T11:02:45+00:00\" \/>\n<meta property=\"og:image\" content=\"http:\/\/academie-nationale-reims.fr\/wp-content\/uploads\/2015\/11\/MauricePayardW-1.jpg\" \/>\n<meta name=\"twitter:card\" content=\"summary_large_image\" \/>\n<meta name=\"twitter:label1\" content=\"Dur\u00e9e de lecture estim\u00e9e\" \/>\n\t<meta name=\"twitter:data1\" content=\"2 minutes\" \/>\n<script type=\"application\/ld+json\" class=\"yoast-schema-graph\">{\"@context\":\"https:\/\/schema.org\",\"@graph\":[{\"@type\":\"WebPage\",\"@id\":\"https:\/\/academie-nationale-reims.fr\/index.php\/activites\/prix-decernes\/prix-maurice-payard\/\",\"url\":\"https:\/\/academie-nationale-reims.fr\/index.php\/activites\/prix-decernes\/prix-maurice-payard\/\",\"name\":\"Prix Maurice Payard - Acad\u00e9mie nationale de Reims\",\"isPartOf\":{\"@id\":\"https:\/\/academie-nationale-reims.fr\/#website\"},\"datePublished\":\"2015-09-12T12:00:40+00:00\",\"dateModified\":\"2019-03-03T11:02:45+00:00\",\"breadcrumb\":{\"@id\":\"https:\/\/academie-nationale-reims.fr\/index.php\/activites\/prix-decernes\/prix-maurice-payard\/#breadcrumb\"},\"inLanguage\":\"fr-FR\",\"potentialAction\":[{\"@type\":\"ReadAction\",\"target\":[\"https:\/\/academie-nationale-reims.fr\/index.php\/activites\/prix-decernes\/prix-maurice-payard\/\"]}]},{\"@type\":\"BreadcrumbList\",\"@id\":\"https:\/\/academie-nationale-reims.fr\/index.php\/activites\/prix-decernes\/prix-maurice-payard\/#breadcrumb\",\"itemListElement\":[{\"@type\":\"ListItem\",\"position\":1,\"name\":\"Accueil\",\"item\":\"https:\/\/academie-nationale-reims.fr\/\"},{\"@type\":\"ListItem\",\"position\":2,\"name\":\"Activit\u00e9s\",\"item\":\"https:\/\/academie-nationale-reims.fr\/index.php\/activites\/\"},{\"@type\":\"ListItem\",\"position\":3,\"name\":\"Prix d\u00e9cern\u00e9s\",\"item\":\"https:\/\/academie-nationale-reims.fr\/index.php\/activites\/prix-decernes\/\"},{\"@type\":\"ListItem\",\"position\":4,\"name\":\"Prix Maurice Payard\"}]},{\"@type\":\"WebSite\",\"@id\":\"https:\/\/academie-nationale-reims.fr\/#website\",\"url\":\"https:\/\/academie-nationale-reims.fr\/\",\"name\":\"Acad\u00e9mie nationale de Reims\",\"description\":\"Ce site est en cours d\u2019am\u00e9nagements\",\"publisher\":{\"@id\":\"https:\/\/academie-nationale-reims.fr\/#organization\"},\"potentialAction\":[{\"@type\":\"SearchAction\",\"target\":{\"@type\":\"EntryPoint\",\"urlTemplate\":\"https:\/\/academie-nationale-reims.fr\/?s={search_term_string}\"},\"query-input\":\"required name=search_term_string\"}],\"inLanguage\":\"fr-FR\"},{\"@type\":\"Organization\",\"@id\":\"https:\/\/academie-nationale-reims.fr\/#organization\",\"name\":\"Acad\u00e9mie nationale de Reims\",\"url\":\"https:\/\/academie-nationale-reims.fr\/\",\"logo\":{\"@type\":\"ImageObject\",\"inLanguage\":\"fr-FR\",\"@id\":\"https:\/\/academie-nationale-reims.fr\/#\/schema\/logo\/image\/\",\"url\":\"https:\/\/academie-nationale-reims.fr\/wp-content\/uploads\/2023\/03\/logo.png\",\"contentUrl\":\"https:\/\/academie-nationale-reims.fr\/wp-content\/uploads\/2023\/03\/logo.png\",\"width\":2038,\"height\":426,\"caption\":\"Acad\u00e9mie nationale de Reims\"},\"image\":{\"@id\":\"https:\/\/academie-nationale-reims.fr\/#\/schema\/logo\/image\/\"}}]}<\/script>\n<!-- \/ Yoast SEO plugin. -->","yoast_head_json":{"title":"Prix Maurice Payard - Acad\u00e9mie nationale de Reims","robots":{"index":"index","follow":"follow","max-snippet":"max-snippet:-1","max-image-preview":"max-image-preview:large","max-video-preview":"max-video-preview:-1"},"canonical":"https:\/\/academie-nationale-reims.fr\/index.php\/activites\/prix-decernes\/prix-maurice-payard\/","og_locale":"fr_FR","og_type":"article","og_title":"Prix Maurice Payard - Acad\u00e9mie nationale de Reims","og_description":"&nbsp; Par son\u00a0testament olographe dat\u00e9 du 5 mai 1944, Maurice Payard l\u00e8gue \u00e0 l\u2019 Acad\u00e9mie nationale de Reims une somme d&rsquo;argent pour la fondation d\u2019un Prix national d\u2019histoire nomm\u00e9 \u00ab\u00a0Prix Maurice Payard\u00a0\u00bb. Ce legs\u00a0correspond au souhait de Maurice Payard de maintenir vivante la m\u00e9moire de son p\u00e8re arch\u00e9ologue et numismate et d\u2019assurer\u00a0dans le temps l\u2019entretien [&hellip;]","og_url":"https:\/\/academie-nationale-reims.fr\/index.php\/activites\/prix-decernes\/prix-maurice-payard\/","og_site_name":"Acad\u00e9mie nationale de Reims","article_modified_time":"2019-03-03T11:02:45+00:00","og_image":[{"url":"http:\/\/academie-nationale-reims.fr\/wp-content\/uploads\/2015\/11\/MauricePayardW-1.jpg"}],"twitter_card":"summary_large_image","twitter_misc":{"Dur\u00e9e de lecture estim\u00e9e":"2 minutes"},"schema":{"@context":"https:\/\/schema.org","@graph":[{"@type":"WebPage","@id":"https:\/\/academie-nationale-reims.fr\/index.php\/activites\/prix-decernes\/prix-maurice-payard\/","url":"https:\/\/academie-nationale-reims.fr\/index.php\/activites\/prix-decernes\/prix-maurice-payard\/","name":"Prix Maurice Payard - Acad\u00e9mie nationale de Reims","isPartOf":{"@id":"https:\/\/academie-nationale-reims.fr\/#website"},"datePublished":"2015-09-12T12:00:40+00:00","dateModified":"2019-03-03T11:02:45+00:00","breadcrumb":{"@id":"https:\/\/academie-nationale-reims.fr\/index.php\/activites\/prix-decernes\/prix-maurice-payard\/#breadcrumb"},"inLanguage":"fr-FR","potentialAction":[{"@type":"ReadAction","target":["https:\/\/academie-nationale-reims.fr\/index.php\/activites\/prix-decernes\/prix-maurice-payard\/"]}]},{"@type":"BreadcrumbList","@id":"https:\/\/academie-nationale-reims.fr\/index.php\/activites\/prix-decernes\/prix-maurice-payard\/#breadcrumb","itemListElement":[{"@type":"ListItem","position":1,"name":"Accueil","item":"https:\/\/academie-nationale-reims.fr\/"},{"@type":"ListItem","position":2,"name":"Activit\u00e9s","item":"https:\/\/academie-nationale-reims.fr\/index.php\/activites\/"},{"@type":"ListItem","position":3,"name":"Prix d\u00e9cern\u00e9s","item":"https:\/\/academie-nationale-reims.fr\/index.php\/activites\/prix-decernes\/"},{"@type":"ListItem","position":4,"name":"Prix Maurice Payard"}]},{"@type":"WebSite","@id":"https:\/\/academie-nationale-reims.fr\/#website","url":"https:\/\/academie-nationale-reims.fr\/","name":"Acad\u00e9mie nationale de Reims","description":"Ce site est en cours d\u2019am\u00e9nagements","publisher":{"@id":"https:\/\/academie-nationale-reims.fr\/#organization"},"potentialAction":[{"@type":"SearchAction","target":{"@type":"EntryPoint","urlTemplate":"https:\/\/academie-nationale-reims.fr\/?s={search_term_string}"},"query-input":"required name=search_term_string"}],"inLanguage":"fr-FR"},{"@type":"Organization","@id":"https:\/\/academie-nationale-reims.fr\/#organization","name":"Acad\u00e9mie nationale de Reims","url":"https:\/\/academie-nationale-reims.fr\/","logo":{"@type":"ImageObject","inLanguage":"fr-FR","@id":"https:\/\/academie-nationale-reims.fr\/#\/schema\/logo\/image\/","url":"https:\/\/academie-nationale-reims.fr\/wp-content\/uploads\/2023\/03\/logo.png","contentUrl":"https:\/\/academie-nationale-reims.fr\/wp-content\/uploads\/2023\/03\/logo.png","width":2038,"height":426,"caption":"Acad\u00e9mie nationale de Reims"},"image":{"@id":"https:\/\/academie-nationale-reims.fr\/#\/schema\/logo\/image\/"}}]}},"_links":{"self":[{"href":"https:\/\/academie-nationale-reims.fr\/index.php\/wp-json\/wp\/v2\/pages\/58"}],"collection":[{"href":"https:\/\/academie-nationale-reims.fr\/index.php\/wp-json\/wp\/v2\/pages"}],"about":[{"href":"https:\/\/academie-nationale-reims.fr\/index.php\/wp-json\/wp\/v2\/types\/page"}],"author":[{"embeddable":true,"href":"https:\/\/academie-nationale-reims.fr\/index.php\/wp-json\/wp\/v2\/users\/1"}],"replies":[{"embeddable":true,"href":"https:\/\/academie-nationale-reims.fr\/index.php\/wp-json\/wp\/v2\/comments?post=58"}],"version-history":[{"count":12,"href":"https:\/\/academie-nationale-reims.fr\/index.php\/wp-json\/wp\/v2\/pages\/58\/revisions"}],"predecessor-version":[{"id":1453,"href":"https:\/\/academie-nationale-reims.fr\/index.php\/wp-json\/wp\/v2\/pages\/58\/revisions\/1453"}],"up":[{"embeddable":true,"href":"https:\/\/academie-nationale-reims.fr\/index.php\/wp-json\/wp\/v2\/pages\/54"}],"wp:attachment":[{"href":"https:\/\/academie-nationale-reims.fr\/index.php\/wp-json\/wp\/v2\/media?parent=58"}],"curies":[{"name":"wp","href":"https:\/\/api.w.org\/{rel}","templated":true}]}}