{"id":781,"date":"2016-03-19T19:26:36","date_gmt":"2016-03-19T18:26:36","guid":{"rendered":"http:\/\/academie-nationale-reims.fr\/?page_id=781"},"modified":"2024-03-14T17:21:55","modified_gmt":"2024-03-14T16:21:55","slug":"les-membres-correspondants","status":"publish","type":"page","link":"https:\/\/academie-nationale-reims.fr\/index.php\/presentation\/academiciens\/les-membres-correspondants\/","title":{"rendered":"Membres correspondants"},"content":{"rendered":"\n<h2 style=\"text-align: center;\">Membres correspondants<\/h2>\n\n\n<table class=\" aligncenter\" style=\"width: 600px;\">\n<tbody>\n<tr style=\"height: 365px;\">\n<td style=\"height: 365px;\">\n<table>\n<tbody>\n<tr>\n<td width=\"201\"><strong>NOM<\/strong><\/td>\n<td width=\"201\"><strong>Pr\u00e9nom<\/strong><\/td>\n<td width=\"201\"><strong>Ann\u00e9e de r\u00e9ception<\/strong><\/td>\n<\/tr>\n<tr>\n<td width=\"201\"><strong>DEFERRARD<\/strong><\/td>\n<td width=\"201\"><strong>Fabrice<\/strong><\/td>\n<td width=\"201\"><strong>2012<\/strong><\/td>\n<\/tr>\n<tr>\n<td width=\"201\"><strong>DEROCHE<\/strong><\/td>\n<td width=\"201\"><strong>Gilles<\/strong><\/td>\n<td width=\"201\">\u00a0<\/td>\n<\/tr>\n<tr>\n<td width=\"201\"><strong>DOLBEAU<\/strong><\/td>\n<td width=\"201\"><strong>Fran\u00e7ois<\/strong><\/td>\n<td width=\"201\">\u00a0<\/td>\n<\/tr>\n<tr>\n<td width=\"201\"><strong>HARLAUT<\/strong><\/td>\n<td width=\"201\"><strong>Yann<\/strong><\/td>\n<td width=\"201\"><strong>2016<\/strong><\/td>\n<\/tr>\n<tr>\n<td width=\"201\"><strong>JACQUEMIN<\/strong><\/td>\n<td width=\"201\"><strong>Pierre<\/strong><\/td>\n<td width=\"201\"><strong>2014<\/strong><\/td>\n<\/tr>\n<tr>\n<td><strong>MAFFRE<br \/><\/strong><\/td>\n<td><strong>Sabine<br \/><\/strong><\/td>\n<td><strong>2020<br \/><\/strong><\/td>\n<\/tr>\n<tr>\n<td width=\"201\"><strong>NAJMAN <\/strong><\/td>\n<td width=\"201\"><strong>Nadine <\/strong><\/td>\n<td width=\"201\"><strong>2018<\/strong><\/td>\n<\/tr>\n<tr>\n<td width=\"201\"><strong>NOIRMONT (DUNOYER de)<\/strong><\/td>\n<td width=\"201\"><strong>Charles-Henri<\/strong><\/td>\n<td width=\"201\"><strong>2012<\/strong><\/td>\n<\/tr>\n<tr>\n<td width=\"201\"><strong>SIMIZ<\/strong><\/td>\n<td width=\"201\"><strong>Stefano<\/strong><\/td>\n<td width=\"201\"><strong>2012<\/strong><\/td>\n<\/tr>\n<tr>\n<td width=\"201\"><strong>VULLIEZ<\/strong><\/td>\n<td width=\"201\"><strong>Charles <\/strong><\/td>\n<td width=\"201\"><strong>2019<\/strong><\/td>\n<\/tr>\n<\/tbody>\n<\/table>\n<\/td>\n<\/tr>\n<\/tbody>\n<\/table>","protected":false},"excerpt":{"rendered":"<p>Membres correspondants NOM Pr\u00e9nom Ann\u00e9e de r\u00e9ception DEFERRARD Fabrice 2012 DEROCHE Gilles \u00a0 DOLBEAU Fran\u00e7ois \u00a0 HARLAUT Yann 2016 JACQUEMIN Pierre 2014 MAFFRE Sabine 2020 NAJMAN Nadine 2018 NOIRMONT (DUNOYER de) Charles-Henri 2012 SIMIZ Stefano 2012 VULLIEZ Charles 2019<\/p>\n","protected":false},"author":1,"featured_media":0,"parent":32,"menu_order":7,"comment_status":"closed","ping_status":"closed","template":"","meta":{"_mi_skip_tracking":false},"yoast_head":"<!-- This site is optimized with the Yoast SEO plugin v20.4 - https:\/\/yoast.com\/wordpress\/plugins\/seo\/ -->\n<title>Membres correspondants - Acad\u00e9mie nationale de Reims<\/title>\n<meta name=\"robots\" content=\"index, follow, max-snippet:-1, max-image-preview:large, max-video-preview:-1\" \/>\n<link rel=\"canonical\" href=\"https:\/\/academie-nationale-reims.fr\/index.php\/presentation\/academiciens\/les-membres-correspondants\/\" \/>\n<meta property=\"og:locale\" content=\"fr_FR\" \/>\n<meta property=\"og:type\" content=\"article\" \/>\n<meta property=\"og:title\" content=\"Membres correspondants - Acad\u00e9mie nationale de Reims\" \/>\n<meta property=\"og:description\" content=\"Membres correspondants NOM Pr\u00e9nom Ann\u00e9e de r\u00e9ception DEFERRARD Fabrice 2012 DEROCHE Gilles \u00a0 DOLBEAU Fran\u00e7ois \u00a0 HARLAUT Yann 2016 JACQUEMIN Pierre 2014 MAFFRE Sabine 2020 NAJMAN Nadine 2018 NOIRMONT (DUNOYER de) Charles-Henri 2012 SIMIZ Stefano 2012 VULLIEZ Charles 2019\" \/>\n<meta property=\"og:url\" content=\"https:\/\/academie-nationale-reims.fr\/index.php\/presentation\/academiciens\/les-membres-correspondants\/\" \/>\n<meta property=\"og:site_name\" content=\"Acad\u00e9mie nationale de Reims\" \/>\n<meta property=\"article:modified_time\" content=\"2024-03-14T16:21:55+00:00\" \/>\n<meta name=\"twitter:card\" content=\"summary_large_image\" \/>\n<meta name=\"twitter:label1\" content=\"Dur\u00e9e de lecture estim\u00e9e\" \/>\n\t<meta name=\"twitter:data1\" content=\"1 minute\" \/>\n<script type=\"application\/ld+json\" class=\"yoast-schema-graph\">{\"@context\":\"https:\/\/schema.org\",\"@graph\":[{\"@type\":\"WebPage\",\"@id\":\"https:\/\/academie-nationale-reims.fr\/index.php\/presentation\/academiciens\/les-membres-correspondants\/\",\"url\":\"https:\/\/academie-nationale-reims.fr\/index.php\/presentation\/academiciens\/les-membres-correspondants\/\",\"name\":\"Membres correspondants - Acad\u00e9mie nationale de Reims\",\"isPartOf\":{\"@id\":\"https:\/\/academie-nationale-reims.fr\/#website\"},\"datePublished\":\"2016-03-19T18:26:36+00:00\",\"dateModified\":\"2024-03-14T16:21:55+00:00\",\"breadcrumb\":{\"@id\":\"https:\/\/academie-nationale-reims.fr\/index.php\/presentation\/academiciens\/les-membres-correspondants\/#breadcrumb\"},\"inLanguage\":\"fr-FR\",\"potentialAction\":[{\"@type\":\"ReadAction\",\"target\":[\"https:\/\/academie-nationale-reims.fr\/index.php\/presentation\/academiciens\/les-membres-correspondants\/\"]}]},{\"@type\":\"BreadcrumbList\",\"@id\":\"https:\/\/academie-nationale-reims.fr\/index.php\/presentation\/academiciens\/les-membres-correspondants\/#breadcrumb\",\"itemListElement\":[{\"@type\":\"ListItem\",\"position\":1,\"name\":\"Accueil\",\"item\":\"https:\/\/academie-nationale-reims.fr\/\"},{\"@type\":\"ListItem\",\"position\":2,\"name\":\"L&rsquo;Acad\u00e9mie\",\"item\":\"http:\/\/academie-nationale-reims.fr\/index.php\/presentation\/\"},{\"@type\":\"ListItem\",\"position\":3,\"name\":\"Acad\u00e9miciens\",\"item\":\"https:\/\/academie-nationale-reims.fr\/index.php\/presentation\/academiciens\/\"},{\"@type\":\"ListItem\",\"position\":4,\"name\":\"Membres correspondants\"}]},{\"@type\":\"WebSite\",\"@id\":\"https:\/\/academie-nationale-reims.fr\/#website\",\"url\":\"https:\/\/academie-nationale-reims.fr\/\",\"name\":\"Acad\u00e9mie nationale de Reims\",\"description\":\"Ce site est en cours d\u2019am\u00e9nagements\",\"publisher\":{\"@id\":\"https:\/\/academie-nationale-reims.fr\/#organization\"},\"potentialAction\":[{\"@type\":\"SearchAction\",\"target\":{\"@type\":\"EntryPoint\",\"urlTemplate\":\"https:\/\/academie-nationale-reims.fr\/?s={search_term_string}\"},\"query-input\":\"required name=search_term_string\"}],\"inLanguage\":\"fr-FR\"},{\"@type\":\"Organization\",\"@id\":\"https:\/\/academie-nationale-reims.fr\/#organization\",\"name\":\"Acad\u00e9mie nationale de Reims\",\"url\":\"https:\/\/academie-nationale-reims.fr\/\",\"logo\":{\"@type\":\"ImageObject\",\"inLanguage\":\"fr-FR\",\"@id\":\"https:\/\/academie-nationale-reims.fr\/#\/schema\/logo\/image\/\",\"url\":\"https:\/\/academie-nationale-reims.fr\/wp-content\/uploads\/2023\/03\/logo.png\",\"contentUrl\":\"https:\/\/academie-nationale-reims.fr\/wp-content\/uploads\/2023\/03\/logo.png\",\"width\":2038,\"height\":426,\"caption\":\"Acad\u00e9mie nationale de Reims\"},\"image\":{\"@id\":\"https:\/\/academie-nationale-reims.fr\/#\/schema\/logo\/image\/\"}}]}<\/script>\n<!-- \/ Yoast SEO plugin. -->","yoast_head_json":{"title":"Membres correspondants - Acad\u00e9mie nationale de Reims","robots":{"index":"index","follow":"follow","max-snippet":"max-snippet:-1","max-image-preview":"max-image-preview:large","max-video-preview":"max-video-preview:-1"},"canonical":"https:\/\/academie-nationale-reims.fr\/index.php\/presentation\/academiciens\/les-membres-correspondants\/","og_locale":"fr_FR","og_type":"article","og_title":"Membres correspondants - Acad\u00e9mie nationale de Reims","og_description":"Membres correspondants NOM Pr\u00e9nom Ann\u00e9e de r\u00e9ception DEFERRARD Fabrice 2012 DEROCHE Gilles \u00a0 DOLBEAU Fran\u00e7ois \u00a0 HARLAUT Yann 2016 JACQUEMIN Pierre 2014 MAFFRE Sabine 2020 NAJMAN Nadine 2018 NOIRMONT (DUNOYER de) Charles-Henri 2012 SIMIZ Stefano 2012 VULLIEZ Charles 2019","og_url":"https:\/\/academie-nationale-reims.fr\/index.php\/presentation\/academiciens\/les-membres-correspondants\/","og_site_name":"Acad\u00e9mie nationale de Reims","article_modified_time":"2024-03-14T16:21:55+00:00","twitter_card":"summary_large_image","twitter_misc":{"Dur\u00e9e de lecture estim\u00e9e":"1 minute"},"schema":{"@context":"https:\/\/schema.org","@graph":[{"@type":"WebPage","@id":"https:\/\/academie-nationale-reims.fr\/index.php\/presentation\/academiciens\/les-membres-correspondants\/","url":"https:\/\/academie-nationale-reims.fr\/index.php\/presentation\/academiciens\/les-membres-correspondants\/","name":"Membres correspondants - Acad\u00e9mie nationale de Reims","isPartOf":{"@id":"https:\/\/academie-nationale-reims.fr\/#website"},"datePublished":"2016-03-19T18:26:36+00:00","dateModified":"2024-03-14T16:21:55+00:00","breadcrumb":{"@id":"https:\/\/academie-nationale-reims.fr\/index.php\/presentation\/academiciens\/les-membres-correspondants\/#breadcrumb"},"inLanguage":"fr-FR","potentialAction":[{"@type":"ReadAction","target":["https:\/\/academie-nationale-reims.fr\/index.php\/presentation\/academiciens\/les-membres-correspondants\/"]}]},{"@type":"BreadcrumbList","@id":"https:\/\/academie-nationale-reims.fr\/index.php\/presentation\/academiciens\/les-membres-correspondants\/#breadcrumb","itemListElement":[{"@type":"ListItem","position":1,"name":"Accueil","item":"https:\/\/academie-nationale-reims.fr\/"},{"@type":"ListItem","position":2,"name":"L&rsquo;Acad\u00e9mie","item":"http:\/\/academie-nationale-reims.fr\/index.php\/presentation\/"},{"@type":"ListItem","position":3,"name":"Acad\u00e9miciens","item":"https:\/\/academie-nationale-reims.fr\/index.php\/presentation\/academiciens\/"},{"@type":"ListItem","position":4,"name":"Membres correspondants"}]},{"@type":"WebSite","@id":"https:\/\/academie-nationale-reims.fr\/#website","url":"https:\/\/academie-nationale-reims.fr\/","name":"Acad\u00e9mie nationale de Reims","description":"Ce site est en cours d\u2019am\u00e9nagements","publisher":{"@id":"https:\/\/academie-nationale-reims.fr\/#organization"},"potentialAction":[{"@type":"SearchAction","target":{"@type":"EntryPoint","urlTemplate":"https:\/\/academie-nationale-reims.fr\/?s={search_term_string}"},"query-input":"required name=search_term_string"}],"inLanguage":"fr-FR"},{"@type":"Organization","@id":"https:\/\/academie-nationale-reims.fr\/#organization","name":"Acad\u00e9mie nationale de Reims","url":"https:\/\/academie-nationale-reims.fr\/","logo":{"@type":"ImageObject","inLanguage":"fr-FR","@id":"https:\/\/academie-nationale-reims.fr\/#\/schema\/logo\/image\/","url":"https:\/\/academie-nationale-reims.fr\/wp-content\/uploads\/2023\/03\/logo.png","contentUrl":"https:\/\/academie-nationale-reims.fr\/wp-content\/uploads\/2023\/03\/logo.png","width":2038,"height":426,"caption":"Acad\u00e9mie nationale de Reims"},"image":{"@id":"https:\/\/academie-nationale-reims.fr\/#\/schema\/logo\/image\/"}}]}},"_links":{"self":[{"href":"https:\/\/academie-nationale-reims.fr\/index.php\/wp-json\/wp\/v2\/pages\/781"}],"collection":[{"href":"https:\/\/academie-nationale-reims.fr\/index.php\/wp-json\/wp\/v2\/pages"}],"about":[{"href":"https:\/\/academie-nationale-reims.fr\/index.php\/wp-json\/wp\/v2\/types\/page"}],"author":[{"embeddable":true,"href":"https:\/\/academie-nationale-reims.fr\/index.php\/wp-json\/wp\/v2\/users\/1"}],"replies":[{"embeddable":true,"href":"https:\/\/academie-nationale-reims.fr\/index.php\/wp-json\/wp\/v2\/comments?post=781"}],"version-history":[{"count":9,"href":"https:\/\/academie-nationale-reims.fr\/index.php\/wp-json\/wp\/v2\/pages\/781\/revisions"}],"predecessor-version":[{"id":2586,"href":"https:\/\/academie-nationale-reims.fr\/index.php\/wp-json\/wp\/v2\/pages\/781\/revisions\/2586"}],"up":[{"embeddable":true,"href":"https:\/\/academie-nationale-reims.fr\/index.php\/wp-json\/wp\/v2\/pages\/32"}],"wp:attachment":[{"href":"https:\/\/academie-nationale-reims.fr\/index.php\/wp-json\/wp\/v2\/media?parent=781"}],"curies":[{"name":"wp","href":"https:\/\/api.w.org\/{rel}","templated":true}]}}